CRAN Package Check Results for Package rSPDE

Last updated on 2022-12-04 15:53:49 CET.

Flavor Version Tinstall Tcheck Ttotal Status Flags
r-devel-linux-x86_64-debian-clang 1.2.0 9.88 272.63 282.51 NOTE
r-devel-linux-x86_64-debian-gcc 1.2.0 10.23 210.97 221.20 NOTE
r-devel-linux-x86_64-fedora-clang 1.2.0 379.24 NOTE
r-devel-linux-x86_64-fedora-gcc 1.2.0 407.29 OK
r-devel-windows-x86_64 1.2.0 1197.00 519.00 1716.00 NOTE
r-patched-linux-x86_64 1.2.0 11.76 265.55 277.31 NOTE
r-release-linux-x86_64 1.2.0 14.38 265.53 279.91 NOTE
r-release-macos-arm64 1.2.0 138.00 NOTE
r-release-macos-x86_64 1.2.0 191.00 NOTE
r-release-windows-x86_64 1.2.0 1598.00 562.00 2160.00 NOTE
r-oldrel-macos-arm64 1.2.0 126.00 NOTE
r-oldrel-macos-x86_64 1.2.0 186.00 NOTE
r-oldrel-windows-ix86+x86_64 1.2.0 118.00 476.00 594.00 NOTE

Check Details

Version: 1.2.0
Check: package dependencies
Result: NOTE
    Package suggested but not available for checking: 'INLA'
Flavors: r-devel-linux-x86_64-debian-clang, r-devel-linux-x86_64-debian-gcc, r-devel-windows-x86_64, r-patched-linux-x86_64, r-release-linux-x86_64, r-release-macos-arm64, r-release-macos-x86_64, r-release-windows-x86_64, r-oldrel-macos-arm64, r-oldrel-macos-x86_64

Version: 1.2.0
Check: installed package size
Result: NOTE
     installed size is 5.4Mb
     sub-directories of 1Mb or more:
     R 1.6Mb
     doc 2.2Mb
     help 1.4Mb
Flavors: r-devel-linux-x86_64-fedora-clang, r-devel-windows-x86_64, r-release-macos-arm64, r-release-macos-x86_64, r-release-windows-x86_64, r-oldrel-macos-arm64, r-oldrel-macos-x86_64, r-oldrel-windows-ix86+x86_64