CRAN Package Check Results for Package rSPARCS

Last updated on 2022-01-16 15:48:40 CET.

Flavor Version Tinstall Tcheck Ttotal Status Flags
r-devel-linux-x86_64-debian-clang 0.1.0 33.46 260.50 293.96 NOTE
r-devel-linux-x86_64-debian-gcc 0.1.0 25.59 192.17 217.76 NOTE
r-devel-linux-x86_64-fedora-clang 0.1.0 342.99 NOTE
r-devel-linux-x86_64-fedora-gcc 0.1.0 323.03 NOTE
r-devel-windows-x86_64-new-UL 0.1.0 43.00 262.00 305.00 NOTE
r-devel-windows-x86_64-new-TK 0.1.0 NOTE
r-patched-linux-x86_64 0.1.0 24.84 243.67 268.51 NOTE
r-release-linux-x86_64 0.1.0 NOTE
r-release-macos-arm64 0.1.0 NOTE
r-release-macos-x86_64 0.1.0 NOTE
r-release-windows-ix86+x86_64 0.1.0 73.00 307.00 380.00 NOTE
r-oldrel-macos-x86_64 0.1.0 OK
r-oldrel-windows-ix86+x86_64 0.1.0 78.00 314.00 392.00 OK

Check Details

Version: 0.1.0
Check: LazyData
Result: NOTE
     'LazyData' is specified without a 'data' directory
Flavors: r-devel-linux-x86_64-debian-clang, r-devel-linux-x86_64-debian-gcc, r-devel-linux-x86_64-fedora-clang, r-devel-linux-x86_64-fedora-gcc, r-devel-windows-x86_64-new-UL, r-devel-windows-x86_64-new-TK, r-patched-linux-x86_64, r-release-linux-x86_64, r-release-macos-arm64, r-release-macos-x86_64, r-release-windows-ix86+x86_64