CRAN Package Check Results for Package rSHAPE

Last updated on 2022-01-19 04:48:35 CET.

Flavor Version Tinstall Tcheck Ttotal Status Flags
r-devel-linux-x86_64-debian-clang 0.3.2 8.69 78.19 86.88 NOTE
r-devel-linux-x86_64-debian-gcc 0.3.2 9.39 60.89 70.28 NOTE
r-devel-linux-x86_64-fedora-clang 0.3.2 110.71 NOTE
r-devel-linux-x86_64-fedora-gcc 0.3.2 97.01 NOTE
r-devel-windows-x86_64-new-UL 0.3.2 58.00 113.00 171.00 NOTE
r-devel-windows-x86_64-new-TK 0.3.2 NOTE
r-patched-linux-x86_64 0.3.2 9.28 76.19 85.47 NOTE
r-release-linux-x86_64 0.3.2 NOTE
r-release-macos-arm64 0.3.2 NOTE
r-release-macos-x86_64 0.3.2 NOTE
r-release-windows-ix86+x86_64 0.3.2 22.00 93.00 115.00 NOTE
r-oldrel-macos-x86_64 0.3.2 OK
r-oldrel-windows-ix86+x86_64 0.3.2 22.00 95.00 117.00 OK

Check Details

Version: 0.3.2
Check: LazyData
Result: NOTE
     'LazyData' is specified without a 'data' directory
Flavors: r-devel-linux-x86_64-debian-clang, r-devel-linux-x86_64-debian-gcc, r-devel-linux-x86_64-fedora-clang, r-devel-linux-x86_64-fedora-gcc, r-devel-windows-x86_64-new-UL, r-devel-windows-x86_64-new-TK, r-patched-linux-x86_64, r-release-linux-x86_64, r-release-macos-arm64, r-release-macos-x86_64, r-release-windows-ix86+x86_64