Last updated on 2023-06-03 15:55:36 CEST.
Flavor | Version | Tinstall | Tcheck | Ttotal | Status | Flags |
---|---|---|---|---|---|---|
r-devel-linux-x86_64-debian-clang | 1.4.0 | 78.38 | 72.82 | 151.20 | NOTE | |
r-devel-linux-x86_64-debian-gcc | 1.4.0 | 61.38 | 55.68 | 117.06 | NOTE | |
r-devel-linux-x86_64-fedora-clang | 1.4.0 | 226.59 | NOTE | |||
r-devel-linux-x86_64-fedora-gcc | 1.4.0 | 243.65 | NOTE | |||
r-devel-windows-x86_64 | 1.4.0 | 67.00 | 95.00 | 162.00 | NOTE | |
r-patched-linux-x86_64 | 1.4.0 | NOTE | ||||
r-release-linux-x86_64 | 1.4.0 | 64.31 | 68.45 | 132.76 | NOTE | |
r-release-macos-arm64 | 1.4.0 | 77.00 | NOTE | |||
r-release-macos-x86_64 | 1.4.0 | 118.00 | NOTE | |||
r-release-windows-x86_64 | 1.4.0 | 83.00 | 112.00 | 195.00 | NOTE | |
r-oldrel-macos-arm64 | 1.4.0 | 64.00 | NOTE | |||
r-oldrel-macos-x86_64 | 1.4.0 | 88.00 | NOTE | |||
r-oldrel-windows-x86_64 | 1.4.0 | 79.00 | 110.00 | 189.00 | NOTE |
Version: 1.4.0
Check: C++ specification
Result: NOTE
Specified C++11: please drop specification unless essential
Flavors: r-devel-linux-x86_64-debian-clang, r-devel-linux-x86_64-debian-gcc, r-devel-linux-x86_64-fedora-clang, r-devel-linux-x86_64-fedora-gcc, r-devel-windows-x86_64, r-patched-linux-x86_64, r-release-linux-x86_64, r-release-macos-arm64, r-release-macos-x86_64, r-release-windows-x86_64
Version: 1.4.0
Check: for GNU extensions in Makefiles
Result: NOTE
GNU make is a SystemRequirements.
Flavors: r-devel-linux-x86_64-debian-clang, r-devel-linux-x86_64-debian-gcc, r-devel-linux-x86_64-fedora-clang, r-devel-linux-x86_64-fedora-gcc, r-devel-windows-x86_64, r-patched-linux-x86_64, r-release-linux-x86_64, r-release-macos-arm64, r-release-macos-x86_64, r-release-windows-x86_64, r-oldrel-macos-arm64, r-oldrel-macos-x86_64, r-oldrel-windows-x86_64