CRAN Package Check Results for Package rNeighborQTL

Last updated on 2022-08-10 15:51:34 CEST.

Flavor Version Tinstall Tcheck Ttotal Status Flags
r-devel-linux-x86_64-debian-clang 1.1.2 6.55 150.81 157.36 OK
r-devel-linux-x86_64-debian-gcc 1.1.2 6.16 115.75 121.91 OK
r-devel-linux-x86_64-fedora-clang 1.1.2 199.66 NOTE
r-devel-linux-x86_64-fedora-gcc 1.1.2 199.39 NOTE
r-devel-windows-x86_64 1.1.2 36.00 179.00 215.00 OK
r-patched-linux-x86_64 1.1.2 9.00 145.03 154.03 OK
r-release-linux-x86_64 1.1.2 OK
r-release-macos-arm64 1.1.2 63.00 NOTE
r-release-macos-x86_64 1.1.2 110.00 NOTE
r-release-windows-x86_64 1.1.2 45.00 184.00 229.00 OK
r-oldrel-macos-arm64 1.1.2 75.00 NOTE
r-oldrel-macos-x86_64 1.1.2 162.00 NOTE
r-oldrel-windows-ix86+x86_64 1.1.2 19.00 179.00 198.00 OK

Check Details

Version: 1.1.2
Check: dependencies in R code
Result: NOTE
    Namespace in Imports field not imported from: ‘qtl’
     All declared Imports should be used.
Flavors: r-devel-linux-x86_64-fedora-clang, r-devel-linux-x86_64-fedora-gcc, r-release-macos-arm64, r-release-macos-x86_64, r-oldrel-macos-arm64, r-oldrel-macos-x86_64