CRAN Package Check Results for Package rKolada

Last updated on 2021-10-17 15:49:10 CEST.

Flavor Version Tinstall Tcheck Ttotal Status Flags
r-devel-linux-x86_64-debian-clang 0.2.0 2.85 43.46 46.31 NOTE
r-devel-linux-x86_64-debian-gcc 0.2.0 2.36 34.64 37.00 NOTE
r-devel-linux-x86_64-fedora-clang 0.2.0 65.99 NOTE
r-devel-linux-x86_64-fedora-gcc 0.2.0 55.52 NOTE
r-devel-windows-x86_64 0.2.0 5.00 71.00 76.00 NOTE
r-devel-windows-x86_64-gcc10-UCRT 0.2.0 NOTE
r-patched-linux-x86_64 0.2.0 3.13 44.87 48.00 NOTE
r-patched-solaris-x86 0.2.0 86.80 NOTE
r-release-linux-x86_64 0.2.0 3.00 44.58 47.58 NOTE
r-release-macos-arm64 0.2.0 NOTE
r-release-macos-x86_64 0.2.0 NOTE
r-release-windows-ix86+x86_64 0.2.0 13.00 82.00 95.00 NOTE
r-oldrel-macos-x86_64 0.2.0 OK
r-oldrel-windows-ix86+x86_64 0.2.0 8.00 86.00 94.00 OK

Check Details

Version: 0.2.0
Check: LazyData
Result: NOTE
     'LazyData' is specified without a 'data' directory
Flavors: r-devel-linux-x86_64-debian-clang, r-devel-linux-x86_64-debian-gcc, r-devel-linux-x86_64-fedora-clang, r-devel-linux-x86_64-fedora-gcc, r-devel-windows-x86_64, r-devel-windows-x86_64-gcc10-UCRT, r-patched-linux-x86_64, r-patched-solaris-x86, r-release-linux-x86_64, r-release-macos-arm64, r-release-macos-x86_64, r-release-windows-ix86+x86_64