CRAN Package Check Results for Package rJython

Last updated on 2022-01-18 03:52:25 CET.

Flavor Version Tinstall Tcheck Ttotal Status Flags
r-devel-linux-x86_64-debian-clang 0.0-4 4.14 57.38 61.52 NOTE
r-devel-linux-x86_64-debian-gcc 0.0-4 3.01 45.25 48.26 NOTE
r-devel-linux-x86_64-fedora-clang 0.0-4 70.53 NOTE
r-devel-linux-x86_64-fedora-gcc 0.0-4 62.74 NOTE
r-devel-windows-x86_64-new-UL 0.0-4 21.00 60.00 81.00 NOTE
r-devel-windows-x86_64-new-TK 0.0-4 NOTE
r-patched-linux-x86_64 0.0-4 3.19 56.37 59.56 NOTE
r-release-linux-x86_64 0.0-4 NOTE
r-release-macos-arm64 0.0-4 NOTE
r-release-macos-x86_64 0.0-4 NOTE
r-release-windows-ix86+x86_64 0.0-4 8.00 56.00 64.00 NOTE
r-oldrel-macos-x86_64 0.0-4 NOTE
r-oldrel-windows-ix86+x86_64 0.0-4 8.00 56.00 64.00 NOTE

Check Details

Version: 0.0-4
Check: top-level files
Result: NOTE
    File
     LICENSE
    is not mentioned in the DESCRIPTION file.
Flavors: r-devel-linux-x86_64-debian-clang, r-devel-linux-x86_64-debian-gcc, r-devel-linux-x86_64-fedora-clang, r-devel-linux-x86_64-fedora-gcc, r-devel-windows-x86_64-new-UL, r-devel-windows-x86_64-new-TK, r-patched-linux-x86_64, r-release-linux-x86_64, r-release-macos-arm64, r-release-macos-x86_64, r-release-windows-ix86+x86_64, r-oldrel-macos-x86_64, r-oldrel-windows-ix86+x86_64

Version: 0.0-4
Check: dependencies in R code
Result: NOTE
    'library' or 'require' call to 'rJava' which was already attached by Depends.
     Please remove these calls from your code.
Flavors: r-devel-linux-x86_64-debian-clang, r-devel-linux-x86_64-debian-gcc, r-devel-linux-x86_64-fedora-clang, r-devel-linux-x86_64-fedora-gcc, r-devel-windows-x86_64-new-UL, r-devel-windows-x86_64-new-TK, r-patched-linux-x86_64, r-release-linux-x86_64, r-release-macos-arm64, r-release-macos-x86_64, r-release-windows-ix86+x86_64, r-oldrel-macos-x86_64, r-oldrel-windows-ix86+x86_64

Version: 0.0-4
Check: installed package size
Result: NOTE
     installed size is 8.5Mb
Flavors: r-devel-linux-x86_64-fedora-clang, r-devel-windows-x86_64-new-UL, r-release-macos-arm64, r-release-macos-x86_64, r-release-windows-ix86+x86_64, r-oldrel-macos-x86_64, r-oldrel-windows-ix86+x86_64