CRAN Package Check Results for Package rJPSGCS

Last updated on 2022-01-27 15:53:46 CET.

Flavor Version Tinstall Tcheck Ttotal Status Flags
r-devel-linux-x86_64-debian-clang 0.2-10 9.59 99.75 109.34 OK
r-devel-linux-x86_64-debian-gcc 0.2-10 10.49 77.30 87.79 OK
r-devel-linux-x86_64-fedora-clang 0.2-10 126.40 OK
r-devel-linux-x86_64-fedora-gcc 0.2-10 124.36 OK
r-devel-windows-x86_64-new-UL 0.2-10 178.00 107.00 285.00 OK
r-devel-windows-x86_64-new-TK 0.2-10 OK
r-patched-linux-x86_64 0.2-10 14.58 91.25 105.83 OK
r-release-linux-x86_64 0.2-10 11.88 91.22 103.10 OK
r-release-macos-arm64 0.2-10 OK
r-release-macos-x86_64 0.2-10 OK
r-release-windows-ix86+x86_64 0.2-10 28.00 121.00 149.00 OK
r-oldrel-macos-x86_64 0.2-10 ERROR
r-oldrel-windows-ix86+x86_64 0.2-10 20.00 146.00 166.00 OK

Check Details

Version: 0.2-10
Check: package dependencies
Result: ERROR
    Package required but not available: ‘chopsticks’
    
    See section ‘The DESCRIPTION file’ in the ‘Writing R Extensions’
    manual.
Flavor: r-oldrel-macos-x86_64