CRAN Package Check Results for Package r2fireworks

Last updated on 2024-07-19 03:57:29 CEST.

Flavor Version Tinstall Tcheck Ttotal Status Flags
r-devel-linux-x86_64-debian-clang 0.1.0 2.04 26.22 28.26 OK
r-devel-linux-x86_64-debian-gcc 0.1.0 1.54 20.00 21.54 OK
r-devel-linux-x86_64-fedora-clang 0.1.0 38.34 NOTE
r-devel-linux-x86_64-fedora-gcc 0.1.0 47.54 NOTE
r-devel-windows-x86_64 0.1.0 4.00 46.00 50.00 OK
r-patched-linux-x86_64 0.1.0 2.34 24.93 27.27 OK
r-release-linux-x86_64 0.1.0 1.49 24.83 26.32 OK
r-release-macos-arm64 0.1.0 25.00 OK
r-release-macos-x86_64 0.1.0 35.00 OK
r-release-windows-x86_64 0.1.0 3.00 44.00 47.00 OK
r-oldrel-macos-arm64 0.1.0 28.00 OK
r-oldrel-macos-x86_64 0.1.0 37.00 OK
r-oldrel-windows-x86_64 0.1.0 4.00 45.00 49.00 OK

Check Details

Version: 0.1.0
Check: dependencies in R code
Result: NOTE Namespaces in Imports field not imported from: ‘shiny’ ‘utils’ All declared Imports should be used. Flavors: r-devel-linux-x86_64-fedora-clang, r-devel-linux-x86_64-fedora-gcc