CRAN Package Check Results for Package r2dii.data

Last updated on 2023-01-28 15:50:36 CET.

Flavor Version Tinstall Tcheck Ttotal Status Flags
r-devel-linux-x86_64-debian-clang 0.3.1 3.59 37.00 40.59 OK
r-devel-linux-x86_64-debian-gcc 0.3.1 3.20 29.12 32.32 OK
r-devel-linux-x86_64-fedora-clang 0.3.1 51.57 NOTE
r-devel-linux-x86_64-fedora-gcc 0.3.1 50.37 NOTE
r-patched-linux-x86_64 0.3.1 3.60 35.25 38.85 OK
r-release-linux-x86_64 0.3.1 3.76 35.53 39.29 OK
r-release-macos-arm64 0.3.1 21.00 NOTE
r-release-macos-x86_64 0.3.1 30.00 NOTE
r-release-windows-x86_64 0.3.1 49.00 66.00 115.00 OK
r-oldrel-macos-arm64 0.3.1 24.00 NOTE
r-oldrel-macos-x86_64 0.3.1 36.00 NOTE
r-oldrel-windows-ix86+x86_64 0.3.1 8.00 65.00 73.00 OK

Check Details

Version: 0.3.1
Check: data for non-ASCII characters
Result: NOTE
     Note: found 5 marked UTF-8 strings
Flavors: r-devel-linux-x86_64-fedora-clang, r-devel-linux-x86_64-fedora-gcc, r-release-macos-arm64, r-release-macos-x86_64, r-oldrel-macos-arm64, r-oldrel-macos-x86_64