CRAN Package Check Results for Package quantmod

Last updated on 2022-12-08 15:53:36 CET.

Flavor Version Tinstall Tcheck Ttotal Status Flags
r-devel-linux-x86_64-debian-clang 0.4.20 19.81 98.35 118.16 NOTE
r-devel-linux-x86_64-debian-gcc 0.4.20 12.04 108.08 120.12 NOTE
r-devel-linux-x86_64-fedora-clang 0.4.20 160.14 OK
r-devel-linux-x86_64-fedora-gcc 0.4.20 151.93 OK
r-devel-windows-x86_64 0.4.20 114.00 242.00 356.00 OK
r-patched-linux-x86_64 0.4.20 18.72 92.36 111.08 NOTE
r-release-linux-x86_64 0.4.20 17.99 94.55 112.54 NOTE
r-release-macos-arm64 0.4.20 36.00 OK
r-release-macos-x86_64 0.4.20 57.00 OK
r-release-windows-x86_64 0.4.20 117.00 135.00 252.00 OK
r-oldrel-macos-arm64 0.4.20 37.00 OK
r-oldrel-macos-x86_64 0.4.20 49.00 OK
r-oldrel-windows-ix86+x86_64 0.4.20 32.00 116.00 148.00 OK

Check Details

Version: 0.4.20
Check: R code for possible problems
Result: NOTE
    Found the following calls to attach():
    File 'quantmod/R/attachSymbols.R':
     attach(NULL, pos = pos, name = DB$name)
     attach(NULL, pos = pos, name = DB$name)
    See section 'Good practice' in '?attach'.
Flavors: r-devel-linux-x86_64-debian-clang, r-devel-linux-x86_64-debian-gcc, r-patched-linux-x86_64, r-release-linux-x86_64