CRAN Package Check Results for Package quantmod

Last updated on 2021-12-03 15:52:28 CET.

Flavor Version Tinstall Tcheck Ttotal Status Flags
r-devel-linux-x86_64-debian-clang 0.4.18 17.89 88.46 106.35 NOTE
r-devel-linux-x86_64-debian-gcc 0.4.18 13.21 66.70 79.91 NOTE
r-devel-linux-x86_64-fedora-clang 0.4.18 140.30 OK
r-devel-linux-x86_64-fedora-gcc 0.4.18 127.88 OK
r-devel-windows-x86_64-new-UL 0.4.18 41.00 124.00 165.00 OK
r-devel-windows-x86_64-new-TK 0.4.18 OK
r-devel-windows-x86_64-old 0.4.18 28.00 80.00 108.00 OK
r-patched-linux-x86_64 0.4.18 15.95 85.99 101.94 NOTE
r-release-linux-x86_64 0.4.18 15.24 85.84 101.08 NOTE
r-release-macos-arm64 0.4.18 OK
r-release-macos-x86_64 0.4.18 OK
r-release-windows-ix86+x86_64 0.4.18 30.00 108.00 138.00 OK
r-oldrel-macos-x86_64 0.4.18 OK
r-oldrel-windows-ix86+x86_64 0.4.18 30.00 106.00 136.00 OK

Check Details

Version: 0.4.18
Check: R code for possible problems
Result: NOTE
    Found the following calls to attach():
    File 'quantmod/R/attachSymbols.R':
     attach(NULL, pos = pos, name = DB$name)
     attach(NULL, pos = pos, name = DB$name)
    See section 'Good practice' in '?attach'.
Flavors: r-devel-linux-x86_64-debian-clang, r-devel-linux-x86_64-debian-gcc, r-patched-linux-x86_64, r-release-linux-x86_64