CRAN Package Check Results for Package qtl2ggplot

Last updated on 2021-10-16 15:50:56 CEST.

Flavor Version Tinstall Tcheck Ttotal Status Flags
r-devel-linux-x86_64-debian-clang 1.1.0 23.05 154.64 177.69 OK
r-devel-linux-x86_64-debian-gcc 1.1.0 16.86 115.53 132.39 OK
r-devel-linux-x86_64-fedora-clang 1.1.0 228.58 NOTE
r-devel-linux-x86_64-fedora-gcc 1.1.0 210.10 OK
r-devel-windows-x86_64 1.1.0 27.00 158.00 185.00 NOTE
r-devel-windows-x86_64-gcc10-UCRT 1.1.0 OK
r-patched-linux-x86_64 1.1.0 26.40 148.64 175.04 OK
r-patched-solaris-x86 1.1.0 295.40 OK
r-release-linux-x86_64 1.1.0 19.85 149.05 168.90 OK
r-release-macos-arm64 1.1.0 NOTE
r-release-macos-x86_64 1.1.0 NOTE
r-release-windows-ix86+x86_64 1.1.0 57.00 248.00 305.00 NOTE
r-oldrel-macos-x86_64 1.1.0 NOTE
r-oldrel-windows-ix86+x86_64 1.1.0 62.00 251.00 313.00 NOTE

Check Details

Version: 1.1.0
Check: installed package size
Result: NOTE
     installed size is 5.1Mb
     sub-directories of 1Mb or more:
     doc 4.4Mb
Flavors: r-devel-linux-x86_64-fedora-clang, r-devel-windows-x86_64, r-release-macos-arm64, r-release-macos-x86_64, r-release-windows-ix86+x86_64, r-oldrel-macos-x86_64, r-oldrel-windows-ix86+x86_64