CRAN Package Check Results for Package qsimulatR

Last updated on 2022-06-27 15:53:51 CEST.

Flavor Version Tinstall Tcheck Ttotal Status Flags
r-devel-linux-x86_64-debian-clang 1.0 7.58 122.27 129.85 NOTE
r-devel-linux-x86_64-debian-gcc 1.0 5.10 78.75 83.85 NOTE
r-devel-linux-x86_64-fedora-clang 1.0 158.86 NOTE
r-devel-linux-x86_64-fedora-gcc 1.0 134.79 NOTE
r-devel-windows-x86_64 1.0 69.00 155.00 224.00 NOTE
r-patched-linux-x86_64 1.0 7.37 99.77 107.14 NOTE
r-release-linux-x86_64 1.0 5.15 98.80 103.95 NOTE
r-release-macos-arm64 1.0 38.00 NOTE
r-release-macos-x86_64 1.0 56.00 NOTE
r-release-windows-x86_64 1.0 86.00 148.00 234.00 NOTE
r-oldrel-macos-arm64 1.0 46.00 NOTE
r-oldrel-macos-x86_64 1.0 87.00 NOTE
r-oldrel-windows-ix86+x86_64 1.0 13.00 137.00 150.00 NOTE

Check Details

Version: 1.0
Check: LazyData
Result: NOTE
     'LazyData' is specified without a 'data' directory
Flavors: r-devel-linux-x86_64-debian-clang, r-devel-linux-x86_64-debian-gcc, r-devel-linux-x86_64-fedora-clang, r-devel-linux-x86_64-fedora-gcc, r-devel-windows-x86_64, r-patched-linux-x86_64, r-release-linux-x86_64, r-release-macos-arm64, r-release-macos-x86_64, r-release-windows-x86_64, r-oldrel-macos-arm64, r-oldrel-macos-x86_64, r-oldrel-windows-ix86+x86_64