CRAN Package Check Results for Package qqr

Last updated on 2022-01-16 15:48:37 CET.

Flavor Version Tinstall Tcheck Ttotal Status Flags
r-devel-linux-x86_64-debian-clang 0.0.1 10.33 89.41 99.74 OK
r-devel-linux-x86_64-debian-gcc 0.0.1 7.81 67.24 75.05 OK
r-devel-linux-x86_64-fedora-clang 0.0.1 119.00 NOTE
r-devel-linux-x86_64-fedora-gcc 0.0.1 105.32 NOTE
r-devel-windows-x86_64-new-UL 0.0.1 22.00 112.00 134.00 OK
r-devel-windows-x86_64-new-TK 0.0.1 NOTE
r-patched-linux-x86_64 0.0.1 8.89 82.76 91.65 OK
r-release-linux-x86_64 0.0.1 ERROR
r-release-macos-arm64 0.0.1 NOTE
r-release-macos-x86_64 0.0.1 NOTE
r-release-windows-ix86+x86_64 0.0.1 23.00 109.00 132.00 OK
r-oldrel-macos-x86_64 0.0.1 WARN
r-oldrel-windows-ix86+x86_64 0.0.1 24.00 107.00 131.00 OK

Check Details

Version: 0.0.1
Check: data for non-ASCII characters
Result: NOTE
     Note: found 7 marked UTF-8 strings
Flavors: r-devel-linux-x86_64-fedora-clang, r-devel-linux-x86_64-fedora-gcc, r-devel-windows-x86_64-new-TK, r-release-macos-arm64, r-release-macos-x86_64, r-oldrel-macos-x86_64

Version: 0.0.1
Check: examples
Result: ERROR
    Running examples in ‘qqr-Ex.R’ failed
    The error most likely occurred in:
    
    > base::assign(".ptime", proc.time(), pos = "CheckExEnv")
    > ### Name: currentData
    > ### Title: Get current data of the Brazilian soccer championship
    > ### Aliases: currentData
    >
    > ### ** Examples
    >
    > currentData()
    Error in open.connection(x, "rb") :
     Timeout was reached: [brasileirao.cbf.com.br] Resolving timed out after 10000 milliseconds
    Calls: currentData -> <Anonymous> -> read_html.default
    Execution halted
Flavor: r-release-linux-x86_64

Version: 0.0.1
Check: re-building of vignette outputs
Result: WARN
    Error(s) in re-building vignettes:
     ...
    --- re-building ‘qqr_Package.Rmd’ using rmarkdown
    Loading required package: xml2
    Loading required package: rvest
    Loading required package: tidyverse
    ── Attaching packages ─────────────────────────────────────── tidyverse 1.3.1 ──
    ✔ ggplot2 3.3.5 ✔ purrr 0.3.4
    ✔ tibble 3.1.6 ✔ dplyr 1.0.7
    ✔ tidyr 1.1.4 ✔ stringr 1.4.0
    ✔ readr 2.1.1 ✔ forcats 0.5.1
    ── Conflicts ────────────────────────────────────────── tidyverse_conflicts() ──
    ✖ dplyr::filter() masks stats::filter()
    ✖ readr::guess_encoding() masks rvest::guess_encoding()
    ✖ dplyr::lag() masks stats::lag()
    Quitting from lines 39-40 (qqr_Package.Rmd)
    Error: processing vignette 'qqr_Package.Rmd' failed with diagnostics:
    Timeout was reached: [brasileirao.cbf.com.br] Resolving timed out after 10000 milliseconds
    --- failed re-building ‘qqr_Package.Rmd’
    
    SUMMARY: processing the following file failed:
     ‘qqr_Package.Rmd’
    
    Error: Vignette re-building failed.
    Execution halted
Flavor: r-release-linux-x86_64

Version: 0.0.1
Check: re-building of vignette outputs
Result: WARN
    Error(s) in re-building vignettes:
    --- re-building ‘qqr_Package.Rmd’ using rmarkdown
    Warning in engine$weave(file, quiet = quiet, encoding = enc) :
     Pandoc (>= 1.12.3) and/or pandoc-citeproc not available. Falling back to R Markdown v1.
    Loading required package: xml2
    Loading required package: rvest
    Loading required package: tidyverse
    ── Attaching packages ─────────────────────────────────────── tidyverse 1.3.0 ──
    ✔ ggplot2 3.3.2 ✔ purrr 0.3.4
    ✔ tibble 3.0.4 ✔ dplyr 1.0.2
    ✔ tidyr 1.1.2 ✔ stringr 1.4.0
    ✔ readr 1.4.0 ✔ forcats 0.5.0
    ── Conflicts ────────────────────────────────────────── tidyverse_conflicts() ──
    ✖ dplyr::filter() masks stats::filter()
    ✖ readr::guess_encoding() masks rvest::guess_encoding()
    ✖ dplyr::lag() masks stats::lag()
    ✖ purrr::pluck() masks rvest::pluck()
    Quitting from lines 33-34 (qqr_Package.Rmd)
    Error: processing vignette 'qqr_Package.Rmd' failed with diagnostics:
    LibreSSL SSL_connect: SSL_ERROR_SYSCALL in connection to especiais.gazetadopovo.com.br:443
    --- failed re-building ‘qqr_Package.Rmd’
    
    SUMMARY: processing the following file failed:
     ‘qqr_Package.Rmd’
    
    Error: Vignette re-building failed.
    Execution halted
Flavor: r-oldrel-macos-x86_64