CRAN Package Check Results for Package qpmadr

Last updated on 2022-01-22 03:56:53 CET.

Flavor Version Tinstall Tcheck Ttotal Status Flags
r-devel-linux-x86_64-debian-clang 1.1.0-0 31.91 35.88 67.79 OK
r-devel-linux-x86_64-debian-gcc 1.1.0-0 27.99 29.36 57.35 OK
r-devel-linux-x86_64-fedora-clang 1.1.0-0 102.17 NOTE
r-devel-linux-x86_64-fedora-gcc 1.1.0-0 85.68 OK
r-devel-windows-x86_64-new-UL 1.1.0-0 53.00 77.00 130.00 OK
r-devel-windows-x86_64-new-TK 1.1.0-0 OK
r-patched-linux-x86_64 1.1.0-0 30.99 36.18 67.17 OK
r-release-linux-x86_64 1.1.0-0 29.55 36.54 66.09 OK
r-release-macos-arm64 1.1.0-0 NOTE
r-release-macos-x86_64 1.1.0-0 NOTE
r-release-windows-ix86+x86_64 1.1.0-0 87.00 73.00 160.00 OK
r-oldrel-macos-x86_64 1.1.0-0 NOTE
r-oldrel-windows-ix86+x86_64 1.1.0-0 87.00 73.00 160.00 OK

Check Details

Version: 1.1.0-0
Check: installed package size
Result: NOTE
     installed size is 7.6Mb
     sub-directories of 1Mb or more:
     libs 7.4Mb
Flavors: r-devel-linux-x86_64-fedora-clang, r-release-macos-arm64, r-release-macos-x86_64, r-oldrel-macos-x86_64