CRAN Package Check Results for Package qlcMatrix

Last updated on 2022-01-27 04:05:32 CET.

Flavor Version Tinstall Tcheck Ttotal Status Flags
r-devel-linux-x86_64-debian-clang 0.9.7 10.48 122.74 133.22 OK
r-devel-linux-x86_64-debian-gcc 0.9.7 8.25 93.41 101.66 OK
r-devel-linux-x86_64-fedora-clang 0.9.7 151.92 NOTE
r-devel-linux-x86_64-fedora-gcc 0.9.7 144.92 NOTE
r-devel-windows-x86_64-new-UL 0.9.7 56.00 161.00 217.00 OK
r-devel-windows-x86_64-new-TK 0.9.7 NOTE
r-patched-linux-x86_64 0.9.7 13.52 111.22 124.74 OK
r-release-linux-x86_64 0.9.7 8.24 108.86 117.10 OK
r-release-macos-arm64 0.9.7 NOTE
r-release-macos-x86_64 0.9.7 NOTE
r-release-windows-ix86+x86_64 0.9.7 19.00 140.00 159.00 OK
r-oldrel-macos-x86_64 0.9.7 NOTE
r-oldrel-windows-ix86+x86_64 0.9.7 19.00 139.00 158.00 OK

Check Details

Version: 0.9.7
Check: data for non-ASCII characters
Result: NOTE
     Note: found 76102 marked UTF-8 strings
Flavors: r-devel-linux-x86_64-fedora-clang, r-devel-linux-x86_64-fedora-gcc, r-devel-windows-x86_64-new-TK, r-release-macos-arm64, r-release-macos-x86_64, r-oldrel-macos-x86_64