Last updated on 2025-04-30 15:51:45 CEST.
Flavor | Version | Tinstall | Tcheck | Ttotal | Status | Flags |
---|---|---|---|---|---|---|
r-devel-linux-x86_64-debian-clang | 0.3 | 4.38 | 52.19 | 56.57 | NOTE | |
r-devel-linux-x86_64-debian-gcc | 0.3 | 3.64 | 39.78 | 43.42 | OK | |
r-devel-linux-x86_64-fedora-clang | 0.3 | 90.32 | OK | |||
r-devel-linux-x86_64-fedora-gcc | 0.3 | 105.12 | OK | |||
r-devel-windows-x86_64 | 0.3 | 7.00 | 78.00 | 85.00 | OK | |
r-patched-linux-x86_64 | 0.3 | 5.41 | 50.30 | 55.71 | OK | |
r-release-linux-x86_64 | 0.3 | 4.58 | 50.81 | 55.39 | OK | |
r-release-macos-arm64 | 0.3 | 40.00 | OK | |||
r-release-macos-x86_64 | 0.3 | 74.00 | OK | |||
r-release-windows-x86_64 | 0.3 | 9.00 | 75.00 | 84.00 | OK | |
r-oldrel-macos-arm64 | 0.3 | 40.00 | OK | |||
r-oldrel-macos-x86_64 | 0.3 | 97.00 | OK | |||
r-oldrel-windows-x86_64 | 0.3 | 9.00 | 83.00 | 92.00 | OK |
Version: 0.3
Check: examples
Result: NOTE
Examples with CPU (user + system) or elapsed time > 5s
user system elapsed
asPhylo 3.918 0.117 5.908
Flavor: r-devel-linux-x86_64-debian-clang