CRAN Package Check Results for Package qgam

Last updated on 2021-12-07 16:49:44 CET.

Flavor Version Tinstall Tcheck Ttotal Status Flags
r-devel-linux-x86_64-debian-clang 1.3.4 14.79 410.13 424.92 OK
r-devel-linux-x86_64-debian-gcc 1.3.4 12.95 317.52 330.47 OK
r-devel-linux-x86_64-fedora-clang 1.3.4 507.90 NOTE
r-devel-linux-x86_64-fedora-gcc 1.3.4 520.00 OK
r-devel-windows-x86_64-new-UL 1.3.4 31.00 485.00 516.00 NOTE
r-devel-windows-x86_64-new-TK 1.3.4 OK
r-devel-windows-x86_64-old 1.3.4 23.00 383.00 406.00 NOTE
r-patched-linux-x86_64 1.3.4 12.61 397.14 409.75 OK
r-release-linux-x86_64 1.3.4 13.09 403.03 416.12 OK
r-release-macos-arm64 1.3.4 NOTE
r-release-macos-x86_64 1.3.4 NOTE
r-release-windows-ix86+x86_64 1.3.4 24.00 653.00 677.00 NOTE
r-oldrel-macos-x86_64 1.3.4 NOTE
r-oldrel-windows-ix86+x86_64 1.3.4 31.00 650.00 681.00 NOTE

Check Details

Version: 1.3.4
Check: installed package size
Result: NOTE
     installed size is 5.9Mb
     sub-directories of 1Mb or more:
     doc 5.2Mb
Flavors: r-devel-linux-x86_64-fedora-clang, r-devel-windows-x86_64-new-UL, r-devel-windows-x86_64-old, r-release-macos-arm64, r-release-macos-x86_64, r-release-windows-ix86+x86_64, r-oldrel-macos-x86_64, r-oldrel-windows-ix86+x86_64