CRAN Package Check Results for Package pzfx

Last updated on 2022-01-25 15:54:27 CET.

Flavor Version Tinstall Tcheck Ttotal Status Flags
r-devel-linux-x86_64-debian-clang 0.3.0 2.67 35.83 38.50 NOTE
r-devel-linux-x86_64-debian-gcc 0.3.0 1.77 28.37 30.14 NOTE
r-devel-linux-x86_64-fedora-clang 0.3.0 47.12 NOTE
r-devel-linux-x86_64-fedora-gcc 0.3.0 36.16 NOTE
r-devel-windows-x86_64-new-UL 0.3.0 52.00 60.00 112.00 NOTE
r-devel-windows-x86_64-new-TK 0.3.0 NOTE
r-patched-linux-x86_64 0.3.0 1.91 33.84 35.75 NOTE
r-release-linux-x86_64 0.3.0 1.60 33.72 35.32 NOTE
r-release-macos-arm64 0.3.0 NOTE
r-release-macos-x86_64 0.3.0 NOTE
r-release-windows-ix86+x86_64 0.3.0 6.00 44.00 50.00 NOTE
r-oldrel-macos-x86_64 0.3.0 OK
r-oldrel-windows-ix86+x86_64 0.3.0 8.00 43.00 51.00 OK

Check Details

Version: 0.3.0
Check: LazyData
Result: NOTE
     'LazyData' is specified without a 'data' directory
Flavors: r-devel-linux-x86_64-debian-clang, r-devel-linux-x86_64-debian-gcc, r-devel-linux-x86_64-fedora-clang, r-devel-linux-x86_64-fedora-gcc, r-devel-windows-x86_64-new-UL, r-devel-windows-x86_64-new-TK, r-patched-linux-x86_64, r-release-linux-x86_64, r-release-macos-arm64, r-release-macos-x86_64, r-release-windows-ix86+x86_64