CRAN Package Check Results for Package pysd2r

Last updated on 2024-07-22 03:49:26 CEST.

Flavor Version Tinstall Tcheck Ttotal Status Flags
r-devel-linux-x86_64-debian-clang 0.1.0 5.74 30.89 36.63 NOTE
r-devel-linux-x86_64-debian-gcc 0.1.0 3.48 23.37 26.85 NOTE
r-devel-linux-x86_64-fedora-clang 0.1.0 48.11 NOTE
r-devel-linux-x86_64-fedora-gcc 0.1.0 57.56 NOTE
r-devel-windows-x86_64 0.1.0 5.00 46.00 51.00 NOTE
r-patched-linux-x86_64 0.1.0 3.87 29.55 33.42 NOTE
r-release-linux-x86_64 0.1.0 3.39 28.52 31.91 NOTE
r-release-macos-arm64 0.1.0 25.00 NOTE
r-release-macos-x86_64 0.1.0 36.00 NOTE
r-release-windows-x86_64 0.1.0 5.00 45.00 50.00 NOTE
r-oldrel-macos-arm64 0.1.0 24.00 NOTE
r-oldrel-macos-x86_64 0.1.0 36.00 NOTE
r-oldrel-windows-x86_64 0.1.0 7.00 47.00 54.00 NOTE

Check Details

Version: 0.1.0
Check: LazyData
Result: NOTE 'LazyData' is specified without a 'data' directory Flavors: r-devel-linux-x86_64-debian-clang, r-devel-linux-x86_64-debian-gcc, r-devel-linux-x86_64-fedora-clang, r-devel-linux-x86_64-fedora-gcc, r-devel-windows-x86_64, r-patched-linux-x86_64, r-release-linux-x86_64, r-release-macos-arm64, r-release-macos-x86_64, r-release-windows-x86_64, r-oldrel-macos-arm64, r-oldrel-macos-x86_64, r-oldrel-windows-x86_64

Version: 0.1.0
Check: dependencies in R code
Result: NOTE Namespace in Imports field not imported from: ‘knitr’ All declared Imports should be used. Flavors: r-devel-linux-x86_64-fedora-clang, r-devel-linux-x86_64-fedora-gcc