CRAN Package Check Results for Package pxR

Last updated on 2022-01-18 03:52:23 CET.

Flavor Version Tinstall Tcheck Ttotal Status Flags
r-devel-linux-x86_64-debian-clang 0.42.4 2.43 39.19 41.62 NOTE
r-devel-linux-x86_64-debian-gcc 0.42.4 2.77 31.15 33.92 NOTE
r-devel-linux-x86_64-fedora-clang 0.42.4 53.83 NOTE
r-devel-linux-x86_64-fedora-gcc 0.42.4 41.55 NOTE
r-devel-windows-x86_64-new-UL 0.42.4 22.00 61.00 83.00 NOTE
r-devel-windows-x86_64-new-TK 0.42.4 NOTE
r-patched-linux-x86_64 0.42.4 2.46 38.13 40.59 NOTE
r-release-linux-x86_64 0.42.4 NOTE
r-release-macos-arm64 0.42.4 NOTE
r-release-macos-x86_64 0.42.4 NOTE
r-release-windows-ix86+x86_64 0.42.4 8.00 51.00 59.00 NOTE
r-oldrel-macos-x86_64 0.42.4 OK
r-oldrel-windows-ix86+x86_64 0.42.4 9.00 50.00 59.00 OK

Check Details

Version: 0.42.4
Check: LazyData
Result: NOTE
     'LazyData' is specified without a 'data' directory
Flavors: r-devel-linux-x86_64-debian-clang, r-devel-linux-x86_64-debian-gcc, r-devel-linux-x86_64-fedora-clang, r-devel-linux-x86_64-fedora-gcc, r-devel-windows-x86_64-new-UL, r-devel-windows-x86_64-new-TK, r-patched-linux-x86_64, r-release-linux-x86_64, r-release-macos-arm64, r-release-macos-x86_64, r-release-windows-ix86+x86_64