CRAN Package Check Results for Package pubtatordb

Last updated on 2024-07-22 15:57:30 CEST.

Flavor Version Tinstall Tcheck Ttotal Status Flags
r-devel-linux-x86_64-debian-clang 0.1.4 2.61 31.59 34.20 NOTE
r-devel-linux-x86_64-debian-gcc 0.1.4 1.95 24.28 26.23 NOTE
r-devel-linux-x86_64-fedora-clang 0.1.4 45.29 NOTE
r-devel-linux-x86_64-fedora-gcc 0.1.4 54.95 NOTE
r-devel-windows-x86_64 0.1.4 4.00 48.00 52.00 NOTE
r-patched-linux-x86_64 0.1.4 2.49 31.00 33.49 NOTE
r-release-linux-x86_64 0.1.4 1.49 30.89 32.38 NOTE
r-release-macos-arm64 0.1.4 24.00 NOTE
r-release-macos-x86_64 0.1.4 62.00 NOTE
r-release-windows-x86_64 0.1.4 4.00 47.00 51.00 NOTE
r-oldrel-macos-arm64 0.1.4 26.00 NOTE
r-oldrel-macos-x86_64 0.1.4 30.00 NOTE
r-oldrel-windows-x86_64 0.1.4 4.00 50.00 54.00 NOTE

Additional issues

donttest

Check Details

Version: 0.1.4
Check: LazyData
Result: NOTE 'LazyData' is specified without a 'data' directory Flavors: r-devel-linux-x86_64-debian-clang, r-devel-linux-x86_64-debian-gcc, r-devel-linux-x86_64-fedora-clang, r-devel-linux-x86_64-fedora-gcc, r-devel-windows-x86_64, r-patched-linux-x86_64, r-release-linux-x86_64, r-release-macos-arm64, r-release-macos-x86_64, r-release-windows-x86_64, r-oldrel-macos-arm64, r-oldrel-macos-x86_64, r-oldrel-windows-x86_64