CRAN Package Check Results for Package pubchunks

Last updated on 2022-01-23 02:56:21 CET.

Flavor Version Tinstall Tcheck Ttotal Status Flags
r-devel-linux-x86_64-debian-clang 0.3.0 7.00 69.48 76.48 NOTE
r-devel-linux-x86_64-debian-gcc 0.3.0 5.78 52.22 58.00 NOTE
r-devel-linux-x86_64-fedora-clang 0.3.0 95.07 NOTE
r-devel-linux-x86_64-fedora-gcc 0.3.0 78.15 NOTE
r-devel-windows-x86_64-new-UL 0.3.0 68.00 91.00 159.00 OK
r-devel-windows-x86_64-new-TK 0.3.0 NOTE
r-patched-linux-x86_64 0.3.0 6.84 66.58 73.42 NOTE
r-release-linux-x86_64 0.3.0 4.96 65.46 70.42 NOTE
r-release-macos-arm64 0.3.0 OK
r-release-macos-x86_64 0.3.0 OK
r-release-windows-ix86+x86_64 0.3.0 18.00 79.00 97.00 OK
r-oldrel-macos-x86_64 0.3.0 OK
r-oldrel-windows-ix86+x86_64 0.3.0 18.00 81.00 99.00 OK

Check Details

Version: 0.3.0
Check: package dependencies
Result: NOTE
    Package suggested but not available for checking: 'fulltext'
Flavors: r-devel-linux-x86_64-debian-clang, r-devel-linux-x86_64-debian-gcc, r-devel-linux-x86_64-fedora-clang, r-devel-linux-x86_64-fedora-gcc, r-devel-windows-x86_64-new-TK, r-patched-linux-x86_64, r-release-linux-x86_64