CRAN Package Check Results for Package ptsuite

Last updated on 2022-05-22 15:53:27 CEST.

Flavor Version Tinstall Tcheck Ttotal Status Flags
r-devel-linux-x86_64-debian-clang 1.0.0 23.68 60.20 83.88 NOTE
r-devel-linux-x86_64-debian-gcc 1.0.0 16.11 45.85 61.96 NOTE
r-devel-linux-x86_64-fedora-clang 1.0.0 106.20 NOTE
r-devel-linux-x86_64-fedora-gcc 1.0.0 99.96 NOTE
r-devel-windows-x86_64 1.0.0 29.00 139.00 168.00 NOTE
r-patched-linux-x86_64 1.0.0 18.76 57.84 76.60 NOTE
r-release-linux-x86_64 1.0.0 17.82 57.79 75.61 NOTE
r-release-macos-arm64 1.0.0 37.00 NOTE
r-release-macos-x86_64 1.0.0 45.00 NOTE
r-release-windows-x86_64 1.0.0 30.00 140.00 170.00 NOTE
r-oldrel-macos-arm64 1.0.0 40.00 NOTE
r-oldrel-macos-x86_64 1.0.0 68.00 NOTE
r-oldrel-windows-ix86+x86_64 1.0.0 53.00 100.00 153.00 NOTE

Check Details

Version: 1.0.0
Check: LazyData
Result: NOTE
     'LazyData' is specified without a 'data' directory
Flavors: r-devel-linux-x86_64-debian-clang, r-devel-linux-x86_64-debian-gcc, r-devel-linux-x86_64-fedora-clang, r-devel-linux-x86_64-fedora-gcc, r-devel-windows-x86_64, r-patched-linux-x86_64, r-release-linux-x86_64, r-release-macos-arm64, r-release-macos-x86_64, r-release-windows-x86_64, r-oldrel-macos-arm64, r-oldrel-macos-x86_64, r-oldrel-windows-ix86+x86_64