Last updated on 2023-02-06 15:57:25 CET.
Flavor | Version | Tinstall | Tcheck | Ttotal | Status | Flags |
---|---|---|---|---|---|---|
r-devel-linux-x86_64-debian-clang | 1.0-8 | 11.66 | 110.42 | 122.08 | OK | |
r-devel-linux-x86_64-debian-gcc | 1.0-8 | 10.02 | 79.30 | 89.32 | OK | |
r-devel-linux-x86_64-fedora-clang | 1.0-8 | 148.00 | NOTE | |||
r-devel-linux-x86_64-fedora-gcc | 1.0-8 | 156.27 | NOTE | |||
r-devel-windows-x86_64 | 1.0-8 | 34.00 | 145.00 | 179.00 | OK | |
r-patched-linux-x86_64 | 1.0-8 | 13.32 | 102.67 | 115.99 | OK | |
r-release-linux-x86_64 | 1.0-8 | 9.44 | 107.79 | 117.23 | OK | |
r-release-macos-arm64 | 1.0-8 | 54.00 | OK | |||
r-release-macos-x86_64 | 1.0-8 | 59.00 | OK | |||
r-release-windows-x86_64 | 1.0-8 | 34.00 | 146.00 | 180.00 | OK | |
r-oldrel-macos-arm64 | 1.0-8 | 56.00 | OK | |||
r-oldrel-macos-x86_64 | 1.0-8 | 83.00 | OK | |||
r-oldrel-windows-ix86+x86_64 | 1.0-8 | 27.00 | 174.00 | 201.00 | OK |
Version: 1.0-8
Check: compiled code
Result: NOTE
File ‘ptest/libs/ptest.so’:
Found no calls to: ‘R_registerRoutines’, ‘R_useDynamicSymbols’
It is good practice to register native routines and to disable symbol
search.
See ‘Writing portable packages’ in the ‘Writing R Extensions’ manual.
Flavors: r-devel-linux-x86_64-fedora-clang, r-devel-linux-x86_64-fedora-gcc