CRAN Package Check Results for Package psychTools

Last updated on 2021-11-28 03:54:16 CET.

Flavor Version Tinstall Tcheck Ttotal Status Flags
r-devel-linux-x86_64-debian-clang 2.1.8 OK
r-devel-linux-x86_64-debian-gcc 2.1.8 4.95 171.28 176.23 OK
r-devel-linux-x86_64-fedora-clang 2.1.8 299.01 OK
r-devel-linux-x86_64-fedora-gcc 2.1.8 290.83 OK
r-devel-windows-x86_64-new-UL 2.1.8 17.00 568.00 585.00 OK
r-devel-windows-x86_64-new-TK 2.1.8 OK
r-devel-windows-x86_64-old 2.1.8 6.00 295.00 301.00 OK
r-patched-linux-x86_64 2.1.8 9.32 228.00 237.32 OK
r-patched-solaris-x86 2.1.8 379.70 NOTE
r-release-linux-x86_64 2.1.8 OK
r-release-macos-arm64 2.1.8 OK
r-release-macos-x86_64 2.1.8 OK
r-release-windows-ix86+x86_64 2.1.8 11.00 214.00 225.00 OK
r-oldrel-macos-x86_64 2.1.8 OK
r-oldrel-windows-ix86+x86_64 2.1.8 9.00 303.00 312.00 OK

Check Details

Version: 2.1.8
Check: installed package size
Result: NOTE
     installed size is 5.4Mb
     sub-directories of 1Mb or more:
     data 1.1Mb
     doc 3.8Mb
Flavor: r-patched-solaris-x86