CRAN Package Check Results for Package pstest

Last updated on 2022-05-19 15:53:27 CEST.

Flavor Version Tinstall Tcheck Ttotal Status Flags
r-devel-linux-x86_64-debian-clang 0.1.3.900 2.53 35.73 38.26 NOTE
r-devel-linux-x86_64-debian-gcc 0.1.3.900 2.14 27.28 29.42 NOTE
r-devel-linux-x86_64-fedora-clang 0.1.3.900 46.68 NOTE
r-devel-linux-x86_64-fedora-gcc 0.1.3.900 45.58 NOTE
r-devel-windows-x86_64 0.1.3.900 9.00 51.00 60.00 NOTE
r-patched-linux-x86_64 0.1.3.900 2.23 34.26 36.49 NOTE
r-release-linux-x86_64 0.1.3.900 2.92 34.45 37.37 NOTE
r-release-macos-arm64 0.1.3.900 16.00 NOTE
r-release-macos-x86_64 0.1.3.900 22.00 NOTE
r-release-windows-x86_64 0.1.3.900 9.00 50.00 59.00 NOTE
r-oldrel-macos-arm64 0.1.3.900 19.00 NOTE
r-oldrel-macos-x86_64 0.1.3.900 30.00 NOTE
r-oldrel-windows-ix86+x86_64 0.1.3.900 7.00 74.00 81.00 NOTE

Check Details

Version: 0.1.3.900
Check: LazyData
Result: NOTE
     'LazyData' is specified without a 'data' directory
Flavors: r-devel-linux-x86_64-debian-clang, r-devel-linux-x86_64-debian-gcc, r-devel-linux-x86_64-fedora-clang, r-devel-linux-x86_64-fedora-gcc, r-devel-windows-x86_64, r-patched-linux-x86_64, r-release-linux-x86_64, r-release-macos-arm64, r-release-macos-x86_64, r-release-windows-x86_64, r-oldrel-macos-arm64, r-oldrel-macos-x86_64, r-oldrel-windows-ix86+x86_64