CRAN Package Check Results for Package psqn

Last updated on 2022-01-25 04:00:12 CET.

Flavor Version Tinstall Tcheck Ttotal Status Flags
r-devel-linux-x86_64-debian-clang 0.3.0 71.63 149.02 220.65 OK
r-devel-linux-x86_64-debian-gcc 0.3.0 63.89 108.20 172.09 OK
r-devel-linux-x86_64-fedora-clang 0.3.0 295.90 NOTE
r-devel-linux-x86_64-fedora-gcc 0.3.0 283.67 OK
r-devel-windows-x86_64-new-UL 0.3.0 82.00 188.00 270.00 OK
r-devel-windows-x86_64-new-TK 0.3.0 OK
r-patched-linux-x86_64 0.3.0 69.40 139.12 208.52 OK
r-release-linux-x86_64 0.3.0 74.64 137.58 212.22 OK
r-release-macos-arm64 0.3.0 NOTE
r-release-macos-x86_64 0.3.0 NOTE
r-release-windows-ix86+x86_64 0.3.0 166.00 263.00 429.00 OK
r-oldrel-macos-x86_64 0.3.0 NOTE
r-oldrel-windows-ix86+x86_64 0.3.0 165.00 268.00 433.00 OK

Check Details

Version: 0.3.0
Check: installed package size
Result: NOTE
     installed size is 10.6Mb
     sub-directories of 1Mb or more:
     libs 9.9Mb
Flavors: r-devel-linux-x86_64-fedora-clang, r-release-macos-arm64, r-release-macos-x86_64, r-oldrel-macos-x86_64