CRAN Package Check Results for Package provParseR

Last updated on 2022-01-25 15:54:27 CET.

Flavor Version Tinstall Tcheck Ttotal Status Flags
r-devel-linux-x86_64-debian-clang 0.3 2.43 36.16 38.59 NOTE
r-devel-linux-x86_64-debian-gcc 0.3 2.40 28.47 30.87 NOTE
r-devel-linux-x86_64-fedora-clang 0.3 48.13 NOTE
r-devel-linux-x86_64-fedora-gcc 0.3 37.67 NOTE
r-devel-windows-x86_64-new-UL 0.3 45.00 58.00 103.00 NOTE
r-devel-windows-x86_64-new-TK 0.3 NOTE
r-patched-linux-x86_64 0.3 3.11 35.02 38.13 NOTE
r-release-linux-x86_64 0.3 3.11 34.73 37.84 NOTE
r-release-macos-arm64 0.3 NOTE
r-release-macos-x86_64 0.3 NOTE
r-release-windows-ix86+x86_64 0.3 8.00 43.00 51.00 NOTE
r-oldrel-macos-x86_64 0.3 OK
r-oldrel-windows-ix86+x86_64 0.3 8.00 45.00 53.00 OK

Check Details

Version: 0.3
Check: LazyData
Result: NOTE
     'LazyData' is specified without a 'data' directory
Flavors: r-devel-linux-x86_64-debian-clang, r-devel-linux-x86_64-debian-gcc, r-devel-linux-x86_64-fedora-clang, r-devel-linux-x86_64-fedora-gcc, r-devel-windows-x86_64-new-UL, r-devel-windows-x86_64-new-TK, r-patched-linux-x86_64, r-release-linux-x86_64, r-release-macos-arm64, r-release-macos-x86_64, r-release-windows-ix86+x86_64