CRAN Package Check Results for Package prototest

Last updated on 2022-01-16 15:48:37 CET.

Flavor Version Tinstall Tcheck Ttotal Status Flags
r-devel-linux-x86_64-debian-clang 1.2 78.44 101.90 180.34 OK
r-devel-linux-x86_64-debian-gcc 1.2 61.90 78.57 140.47 OK
r-devel-linux-x86_64-fedora-clang 1.2 255.24 NOTE
r-devel-linux-x86_64-fedora-gcc 1.2 225.96 NOTE
r-devel-windows-x86_64-new-UL 1.2 100.00 134.00 234.00 OK
r-devel-windows-x86_64-new-TK 1.2 OK
r-patched-linux-x86_64 1.2 69.15 100.31 169.46 OK
r-release-linux-x86_64 1.2 OK
r-release-macos-arm64 1.2 OK
r-release-macos-x86_64 1.2 OK
r-release-windows-ix86+x86_64 1.2 189.00 174.00 363.00 OK
r-oldrel-macos-x86_64 1.2 OK
r-oldrel-windows-ix86+x86_64 1.2 190.00 177.00 367.00 OK

Check Details

Version: 1.2
Check: compiled code
Result: NOTE
    File ‘prototest/libs/prototest.so’:
     Found no calls to: ‘R_registerRoutines’, ‘R_useDynamicSymbols’
    
    It is good practice to register native routines and to disable symbol
    search.
    
    See ‘Writing portable packages’ in the ‘Writing R Extensions’ manual.
Flavors: r-devel-linux-x86_64-fedora-clang, r-devel-linux-x86_64-fedora-gcc