CRAN Package Check Results for Package prototest

Last updated on 2024-06-22 03:49:39 CEST.

Flavor Version Tinstall Tcheck Ttotal Status Flags
r-devel-linux-x86_64-debian-clang 1.2 96.39 103.83 200.22 NOTE
r-devel-linux-x86_64-debian-gcc 1.2 62.01 77.66 139.67 NOTE
r-devel-linux-x86_64-fedora-clang 1.2 267.67 NOTE
r-devel-linux-x86_64-fedora-gcc 1.2 263.68 NOTE
r-devel-windows-x86_64 1.2 70.00 108.00 178.00 NOTE
r-patched-linux-x86_64 1.2 76.05 100.06 176.11 NOTE
r-release-linux-x86_64 1.2 75.02 98.11 173.13 NOTE
r-release-macos-arm64 1.2 60.00 NOTE
r-release-macos-x86_64 1.2 78.00 NOTE
r-release-windows-x86_64 1.2 72.00 106.00 178.00 NOTE
r-oldrel-macos-arm64 1.2 73.00 OK
r-oldrel-macos-x86_64 1.2 113.00 OK
r-oldrel-windows-x86_64 1.2 84.00 130.00 214.00 OK

Check Details

Version: 1.2
Check: Rd files
Result: NOTE checkRd: (-1) prototest.univariate.Rd:21: Lost braces 21 | response variable. Vector of length emph{n}, assumed to be quantitative. | ^ Flavors: r-devel-linux-x86_64-debian-clang, r-devel-linux-x86_64-debian-gcc, r-devel-linux-x86_64-fedora-clang, r-devel-linux-x86_64-fedora-gcc, r-devel-windows-x86_64, r-patched-linux-x86_64, r-release-linux-x86_64, r-release-macos-arm64, r-release-macos-x86_64, r-release-windows-x86_64

Version: 1.2
Check: compiled code
Result: NOTE File ‘prototest/libs/prototest.so’: Found no calls to: ‘R_registerRoutines’, ‘R_useDynamicSymbols’ It is good practice to register native routines and to disable symbol search. See ‘Writing portable packages’ in the ‘Writing R Extensions’ manual. Flavors: r-devel-linux-x86_64-fedora-clang, r-devel-linux-x86_64-fedora-gcc