Last updated on 2023-02-06 15:57:24 CET.
Flavor | Version | Tinstall | Tcheck | Ttotal | Status | Flags |
---|---|---|---|---|---|---|
r-devel-linux-x86_64-debian-clang | 0.2.6 | 47.68 | 140.04 | 187.72 | NOTE | |
r-devel-linux-x86_64-debian-gcc | 0.2.6 | 34.82 | 104.73 | 139.55 | NOTE | |
r-devel-linux-x86_64-fedora-clang | 0.2.6 | 238.04 | NOTE | |||
r-devel-linux-x86_64-fedora-gcc | 0.2.6 | 239.00 | NOTE | |||
r-devel-windows-x86_64 | 0.2.6 | 65.00 | 200.00 | 265.00 | NOTE | |
r-patched-linux-x86_64 | 0.2.6 | 40.24 | 135.86 | 176.10 | OK | |
r-release-linux-x86_64 | 0.2.6 | 38.60 | 133.58 | 172.18 | OK | |
r-release-macos-arm64 | 0.2.6 | 94.00 | NOTE | |||
r-release-macos-x86_64 | 0.2.6 | 97.00 | NOTE | |||
r-release-windows-x86_64 | 0.2.6 | 65.00 | 211.00 | 276.00 | OK | |
r-oldrel-macos-arm64 | 0.2.6 | 79.00 | NOTE | |||
r-oldrel-macos-x86_64 | 0.2.6 | 98.00 | NOTE | |||
r-oldrel-windows-ix86+x86_64 | 0.2.6 | 103.00 | 285.00 | 388.00 | NOTE |
Version: 0.2.6
Check: C++ specification
Result: NOTE
Specified C++11: please update to current default of C++17
Flavors: r-devel-linux-x86_64-debian-clang, r-devel-linux-x86_64-debian-gcc, r-devel-linux-x86_64-fedora-clang, r-devel-linux-x86_64-fedora-gcc, r-devel-windows-x86_64
Version: 0.2.6
Check: installed package size
Result: NOTE
installed size is 5.8Mb
sub-directories of 1Mb or more:
data 2.1Mb
libs 2.9Mb
Flavors: r-release-macos-arm64, r-release-macos-x86_64, r-oldrel-macos-arm64, r-oldrel-macos-x86_64, r-oldrel-windows-ix86+x86_64