CRAN Package Check Results for Package prospectr

Last updated on 2024-07-25 04:50:01 CEST.

Flavor Version Tinstall Tcheck Ttotal Status Flags
r-devel-linux-x86_64-debian-clang 0.2.7 44.69 128.74 173.43 OK
r-devel-linux-x86_64-debian-gcc 0.2.7 29.31 111.91 141.22 OK
r-devel-linux-x86_64-fedora-clang 0.2.7 236.38 OK
r-devel-linux-x86_64-fedora-gcc 0.2.7 262.00 OK
r-devel-windows-x86_64 0.2.7 35.00 156.00 191.00 OK
r-patched-linux-x86_64 0.2.7 42.95 140.41 183.36 OK
r-release-linux-x86_64 0.2.7 29.56 138.62 168.18 OK
r-release-macos-arm64 0.2.7 135.00 NOTE
r-release-macos-x86_64 0.2.7 118.00 NOTE
r-release-windows-x86_64 0.2.7 40.00 167.00 207.00 OK
r-oldrel-macos-arm64 0.2.7 86.00 NOTE
r-oldrel-macos-x86_64 0.2.7 192.00 NOTE
r-oldrel-windows-x86_64 0.2.7 39.00 176.00 215.00 OK

Check Details

Version: 0.2.7
Check: installed package size
Result: NOTE installed size is 7.1Mb sub-directories of 1Mb or more: data 2.9Mb libs 2.7Mb Flavors: r-release-macos-arm64, r-release-macos-x86_64, r-oldrel-macos-arm64, r-oldrel-macos-x86_64