CRAN Package Check Results for Package progress

Last updated on 2021-12-04 03:52:37 CET.

Flavor Version Tinstall Tcheck Ttotal Status Flags
r-devel-linux-x86_64-debian-clang 1.2.2 3.93 30.26 34.19 NOTE
r-devel-linux-x86_64-debian-gcc 1.2.2 2.04 23.76 25.80 NOTE
r-devel-linux-x86_64-fedora-clang 1.2.2 52.32 NOTE
r-devel-linux-x86_64-fedora-gcc 1.2.2 41.44 NOTE
r-devel-windows-x86_64-new-UL 1.2.2 9.00 73.00 82.00 NOTE
r-devel-windows-x86_64-new-TK 1.2.2 NOTE
r-devel-windows-x86_64-old 1.2.2 8.00 40.00 48.00 NOTE
r-patched-linux-x86_64 1.2.2 3.12 28.74 31.86 NOTE
r-release-linux-x86_64 1.2.2 3.81 28.56 32.37 NOTE
r-release-macos-arm64 1.2.2 NOTE
r-release-macos-x86_64 1.2.2 NOTE
r-release-windows-ix86+x86_64 1.2.2 8.00 49.00 57.00 NOTE
r-oldrel-macos-x86_64 1.2.2 OK
r-oldrel-windows-ix86+x86_64 1.2.2 8.00 50.00 58.00 OK

Check Details

Version: 1.2.2
Check: LazyData
Result: NOTE
     'LazyData' is specified without a 'data' directory
Flavors: r-devel-linux-x86_64-debian-clang, r-devel-linux-x86_64-debian-gcc, r-devel-linux-x86_64-fedora-clang, r-devel-linux-x86_64-fedora-gcc, r-devel-windows-x86_64-new-UL, r-devel-windows-x86_64-new-TK, r-devel-windows-x86_64-old, r-patched-linux-x86_64, r-release-linux-x86_64, r-release-macos-arm64, r-release-macos-x86_64, r-release-windows-ix86+x86_64