Last updated on 2022-07-02 15:52:26 CEST.
Flavor | Version | Tinstall | Tcheck | Ttotal | Status | Flags |
---|---|---|---|---|---|---|
r-devel-linux-x86_64-debian-clang | 0.4 | 255.81 | 104.24 | 360.05 | NOTE | |
r-devel-linux-x86_64-debian-gcc | 0.4 | 208.23 | 77.09 | 285.32 | NOTE | |
r-devel-linux-x86_64-fedora-clang | 0.4 | 546.15 | NOTE | |||
r-devel-linux-x86_64-fedora-gcc | 0.4 | 498.40 | NOTE | |||
r-devel-windows-x86_64 | 0.4 | 287.00 | 160.00 | 447.00 | NOTE | |
r-patched-linux-x86_64 | 0.4 | 200.21 | 97.87 | 298.08 | NOTE | |
r-release-linux-x86_64 | 0.4 | 212.75 | 98.55 | 311.30 | NOTE | |
r-release-macos-arm64 | 0.4 | 114.00 | NOTE | |||
r-release-macos-x86_64 | 0.4 | 194.00 | NOTE | |||
r-release-windows-x86_64 | 0.4 | 338.00 | 164.00 | 502.00 | NOTE | |
r-oldrel-macos-arm64 | 0.4 | 89.00 | NOTE | |||
r-oldrel-macos-x86_64 | 0.4 | 148.00 | NOTE | |||
r-oldrel-windows-ix86+x86_64 | 0.4 | 720.00 | 184.00 | 904.00 | NOTE |
Version: 0.4
Check: package dependencies
Result: NOTE
Package suggested but not available for checking: 'gurobi'
Flavors: r-devel-linux-x86_64-debian-clang, r-devel-linux-x86_64-debian-gcc, r-devel-linux-x86_64-fedora-clang, r-devel-linux-x86_64-fedora-gcc, r-devel-windows-x86_64, r-patched-linux-x86_64, r-release-linux-x86_64, r-release-macos-arm64, r-release-macos-x86_64, r-release-windows-x86_64, r-oldrel-macos-arm64, r-oldrel-macos-x86_64, r-oldrel-windows-ix86+x86_64
Version: 0.4
Check: installed package size
Result: NOTE
installed size is 9.4Mb
sub-directories of 1Mb or more:
doc 3.4Mb
libs 4.9Mb
Flavors: r-devel-linux-x86_64-fedora-clang, r-devel-windows-x86_64, r-release-macos-arm64, r-release-macos-x86_64, r-release-windows-x86_64, r-oldrel-macos-arm64, r-oldrel-macos-x86_64, r-oldrel-windows-ix86+x86_64