CRAN Package Check Results for Package primer

Last updated on 2022-01-28 15:53:21 CET.

Flavor Version Tinstall Tcheck Ttotal Status Flags
r-devel-linux-x86_64-debian-clang 1.2.0 6.85 78.85 85.70 OK
r-devel-linux-x86_64-debian-gcc 1.2.0 5.57 59.86 65.43 OK
r-devel-linux-x86_64-fedora-clang 1.2.0 104.14 NOTE
r-devel-linux-x86_64-fedora-gcc 1.2.0 88.96 NOTE
r-devel-windows-x86_64-new-UL 1.2.0 52.00 113.00 165.00 OK
r-devel-windows-x86_64-new-TK 1.2.0 NOTE
r-patched-linux-x86_64 1.2.0 6.58 68.26 74.84 OK
r-release-linux-x86_64 1.2.0 6.20 68.83 75.03 OK
r-release-macos-arm64 1.2.0 NOTE
r-release-macos-x86_64 1.2.0 NOTE
r-release-windows-ix86+x86_64 1.2.0 15.00 89.00 104.00 OK
r-oldrel-macos-x86_64 1.2.0 NOTE
r-oldrel-windows-ix86+x86_64 1.2.0 15.00 90.00 105.00 OK

Check Details

Version: 1.2.0
Check: dependencies in R code
Result: NOTE
    Namespaces in Imports field not imported from:
     ‘tidyr’ ‘utils’
     All declared Imports should be used.
Flavors: r-devel-linux-x86_64-fedora-clang, r-devel-linux-x86_64-fedora-gcc, r-devel-windows-x86_64-new-TK, r-release-macos-arm64, r-release-macos-x86_64, r-oldrel-macos-x86_64