CRAN Package Check Results for Package presentes

Last updated on 2021-12-08 03:58:29 CET.

Flavor Version Tinstall Tcheck Ttotal Status Flags
r-devel-linux-x86_64-debian-clang 0.1.0 4.13 33.76 37.89 OK
r-devel-linux-x86_64-debian-gcc 0.1.0 3.06 26.95 30.01 OK
r-devel-linux-x86_64-fedora-clang 0.1.0 48.64 NOTE
r-devel-linux-x86_64-fedora-gcc 0.1.0 36.78 NOTE
r-devel-windows-x86_64-new-UL 0.1.0 12.00 63.00 75.00 OK
r-devel-windows-x86_64-new-TK 0.1.0 NOTE
r-devel-windows-x86_64-old 0.1.0 8.00 36.00 44.00 OK
r-patched-linux-x86_64 0.1.0 3.85 33.01 36.86 OK
r-release-linux-x86_64 0.1.0 3.99 32.20 36.19 OK
r-release-macos-arm64 0.1.0 NOTE
r-release-macos-x86_64 0.1.0 NOTE
r-release-windows-ix86+x86_64 0.1.0 7.00 43.00 50.00 OK
r-oldrel-macos-x86_64 0.1.0 NOTE
r-oldrel-windows-ix86+x86_64 0.1.0 9.00 45.00 54.00 OK

Check Details

Version: 0.1.0
Check: data for non-ASCII characters
Result: NOTE
     Note: found 42966 marked UTF-8 strings
Flavors: r-devel-linux-x86_64-fedora-clang, r-devel-linux-x86_64-fedora-gcc, r-devel-windows-x86_64-new-TK, r-release-macos-arm64, r-release-macos-x86_64, r-oldrel-macos-x86_64