CRAN Package Check Results for Package predhy.GUI

Last updated on 2024-06-18 03:57:17 CEST.

Flavor Version Tinstall Tcheck Ttotal Status Flags
r-devel-linux-x86_64-debian-clang 2.0 20.55 90.58 111.13 OK
r-devel-linux-x86_64-debian-gcc 2.0 8.70 68.24 76.94 OK
r-devel-linux-x86_64-fedora-clang 2.0.1 135.03 OK
r-devel-linux-x86_64-fedora-gcc 2.0.1 67.33 OK
r-devel-windows-x86_64 2.0.1 7.00 79.00 86.00 OK
r-patched-linux-x86_64 2.0 21.14 88.76 109.90 OK
r-release-linux-x86_64 2.0 20.50 88.44 108.94 OK
r-release-macos-arm64 2.0.1 42.00 OK
r-release-macos-x86_64 2.0.1 121.00 OK
r-release-windows-x86_64 2.0 20.00 81.00 101.00 NOTE
r-oldrel-macos-arm64 2.0.1 53.00 OK
r-oldrel-macos-x86_64 2.0.1 97.00 OK
r-oldrel-windows-x86_64 2.0 25.00 100.00 125.00 NOTE

Check Details

Version: 2.0
Check: installed package size
Result: NOTE installed size is 13.4Mb sub-directories of 1Mb or more: data 1.1Mb extdata 11.6Mb Flavors: r-release-windows-x86_64, r-oldrel-windows-x86_64