CRAN Package Check Results for Package ppcor

Last updated on 2025-04-30 15:51:44 CEST.

Flavor Version Tinstall Tcheck Ttotal Status Flags
r-devel-linux-x86_64-debian-clang 1.1 1.75 19.24 20.99 NOTE
r-devel-linux-x86_64-debian-gcc 1.1 1.39 15.41 16.80 NOTE
r-devel-linux-x86_64-fedora-clang 1.1 32.75 OK
r-devel-linux-x86_64-fedora-gcc 1.1 31.34 OK
r-devel-windows-x86_64 1.1 3.00 44.00 47.00 OK
r-patched-linux-x86_64 1.1 1.88 18.28 20.16 OK
r-release-linux-x86_64 1.1 1.84 18.73 20.57 OK
r-release-macos-arm64 1.1 15.00 OK
r-release-macos-x86_64 1.1 31.00 OK
r-release-windows-x86_64 1.1 3.00 45.00 48.00 OK
r-oldrel-macos-arm64 1.1 20.00 OK
r-oldrel-macos-x86_64 1.1 29.00 OK
r-oldrel-windows-x86_64 1.1 3.00 43.00 46.00 OK

Check Details

Version: 1.1
Check: CRAN incoming feasibility
Result: NOTE Maintainer: ‘Seongho Kim <biostatistician.kim@gmail.com>’ No Authors@R field in DESCRIPTION. Please add one, modifying Authors@R: person(given = "Seongho", family = "Kim", role = c("aut", "cre"), email = "biostatistician.kim@gmail.com") as necessary. Flavors: r-devel-linux-x86_64-debian-clang, r-devel-linux-x86_64-debian-gcc