CRAN Package Check Results for Package powerCompRisk

Last updated on 2022-01-22 03:56:53 CET.

Flavor Version Tinstall Tcheck Ttotal Status Flags
r-devel-linux-x86_64-debian-clang 1.0.1 1.44 30.76 32.20 NOTE
r-devel-linux-x86_64-debian-gcc 1.0.1 1.34 24.05 25.39 NOTE
r-devel-linux-x86_64-fedora-clang 1.0.1 40.65 NOTE
r-devel-linux-x86_64-fedora-gcc 1.0.1 29.41 NOTE
r-devel-windows-x86_64-new-UL 1.0.1 17.00 49.00 66.00 NOTE
r-devel-windows-x86_64-new-TK 1.0.1 NOTE
r-patched-linux-x86_64 1.0.1 2.08 29.48 31.56 NOTE
r-release-linux-x86_64 1.0.1 1.88 29.53 31.41 NOTE
r-release-macos-arm64 1.0.1 NOTE
r-release-macos-x86_64 1.0.1 NOTE
r-release-windows-ix86+x86_64 1.0.1 4.00 37.00 41.00 NOTE
r-oldrel-macos-x86_64 1.0.1 OK
r-oldrel-windows-ix86+x86_64 1.0.1 4.00 41.00 45.00 OK

Check Details

Version: 1.0.1
Check: LazyData
Result: NOTE
     'LazyData' is specified without a 'data' directory
Flavors: r-devel-linux-x86_64-debian-clang, r-devel-linux-x86_64-debian-gcc, r-devel-linux-x86_64-fedora-clang, r-devel-linux-x86_64-fedora-gcc, r-devel-windows-x86_64-new-UL, r-devel-windows-x86_64-new-TK, r-patched-linux-x86_64, r-release-linux-x86_64, r-release-macos-arm64, r-release-macos-x86_64, r-release-windows-ix86+x86_64