Last updated on 2023-02-05 15:55:23 CET.
Flavor | Version | Tinstall | Tcheck | Ttotal | Status | Flags |
---|---|---|---|---|---|---|
r-devel-linux-x86_64-debian-clang | 0.2.3 | 2.24 | 21.65 | 23.89 | OK | |
r-devel-linux-x86_64-debian-gcc | 0.2.3 | 1.51 | 17.38 | 18.89 | OK | |
r-devel-linux-x86_64-fedora-clang | 0.2.3 | 31.02 | NOTE | |||
r-devel-linux-x86_64-fedora-gcc | 0.2.3 | 30.81 | OK | |||
r-devel-windows-x86_64 | 0.2.3 | 24.00 | 52.00 | 76.00 | OK | |
r-patched-linux-x86_64 | 0.2.3 | 2.38 | 22.52 | 24.90 | OK | |
r-release-linux-x86_64 | 0.2.3 | 2.37 | 22.09 | 24.46 | OK | |
r-release-macos-arm64 | 0.2.3 | 15.00 | OK | |||
r-release-macos-x86_64 | 0.2.3 | 21.00 | OK | |||
r-release-windows-x86_64 | 0.2.3 | 30.00 | 52.00 | 82.00 | OK | |
r-oldrel-macos-arm64 | 0.2.3 | 16.00 | OK | |||
r-oldrel-macos-x86_64 | 0.2.3 | 24.00 | OK | |||
r-oldrel-windows-ix86+x86_64 | 0.2.3 | 7.00 | 50.00 | 57.00 | OK |
Version: 0.2.3
Check: Rd cross-references
Result: NOTE
Undeclared package ‘bslib’ in Rd xrefs
Flavor: r-devel-linux-x86_64-fedora-clang