CRAN Package Check Results for Package postGIStools

Last updated on 2021-11-27 15:50:50 CET.

Flavor Version Tinstall Tcheck Ttotal Status Flags
r-devel-linux-x86_64-debian-clang 0.2.4 NOTE
r-devel-linux-x86_64-debian-gcc 0.2.4 2.49 25.69 28.18 NOTE
r-devel-linux-x86_64-fedora-clang 0.2.4 53.94 NOTE
r-devel-linux-x86_64-fedora-gcc 0.2.4 43.35 NOTE
r-devel-windows-x86_64-new-UL 0.2.4 9.00 67.00 76.00 NOTE
r-devel-windows-x86_64-new-TK 0.2.4 NOTE
r-devel-windows-x86_64-old 0.2.4 5.00 54.00 59.00 NOTE
r-patched-linux-x86_64 0.2.4 2.61 31.04 33.65 NOTE
r-patched-solaris-x86 0.2.4 68.00 NOTE
r-release-linux-x86_64 0.2.4 NOTE
r-release-macos-arm64 0.2.4 NOTE
r-release-macos-x86_64 0.2.4 NOTE
r-release-windows-ix86+x86_64 0.2.4 8.00 40.00 48.00 NOTE
r-oldrel-macos-x86_64 0.2.4 OK
r-oldrel-windows-ix86+x86_64 0.2.4 6.00 53.00 59.00 OK

Check Details

Version: 0.2.4
Check: LazyData
Result: NOTE
     'LazyData' is specified without a 'data' directory
Flavors: r-devel-linux-x86_64-debian-clang, r-devel-linux-x86_64-debian-gcc, r-devel-linux-x86_64-fedora-clang, r-devel-linux-x86_64-fedora-gcc, r-devel-windows-x86_64-new-UL, r-devel-windows-x86_64-new-TK, r-devel-windows-x86_64-old, r-patched-linux-x86_64, r-patched-solaris-x86, r-release-linux-x86_64, r-release-macos-arm64, r-release-macos-x86_64, r-release-windows-ix86+x86_64