CRAN Package Check Results for Package poolABC

Last updated on 2024-07-18 03:56:43 CEST.

Flavor Version Tinstall Tcheck Ttotal Status Flags
r-devel-linux-x86_64-debian-clang 1.0.0 10.93 264.78 275.71 OK
r-devel-linux-x86_64-debian-gcc 1.0.0 9.69 170.79 180.48 OK
r-devel-linux-x86_64-fedora-clang 1.0.0 333.10 NOTE
r-devel-linux-x86_64-fedora-gcc 1.0.0 338.82 OK
r-devel-windows-x86_64 1.0.0 13.00 199.00 212.00 NOTE
r-patched-linux-x86_64 1.0.0 14.81 244.76 259.57 OK
r-release-linux-x86_64 1.0.0 9.99 231.61 241.60 OK
r-release-macos-arm64 1.0.0 83.00 NOTE
r-release-macos-x86_64 1.0.0 142.00 NOTE
r-release-windows-x86_64 1.0.0 12.00 189.00 201.00 NOTE
r-oldrel-macos-arm64 1.0.0 92.00 NOTE
r-oldrel-macos-x86_64 1.0.0 233.00 NOTE
r-oldrel-windows-x86_64 1.0.0 15.00 240.00 255.00 NOTE

Check Details

Version: 1.0.0
Check: installed package size
Result: NOTE installed size is 7.0Mb sub-directories of 1Mb or more: data 2.7Mb extdata 3.6Mb Flavors: r-devel-linux-x86_64-fedora-clang, r-devel-windows-x86_64, r-release-macos-arm64, r-release-macos-x86_64, r-release-windows-x86_64, r-oldrel-macos-arm64, r-oldrel-macos-x86_64, r-oldrel-windows-x86_64

Version: 1.0.0
Check: Rd cross-references
Result: NOTE Found the following Rd file(s) with Rd \link{} targets missing package anchors: forceLocus.Rd: forcePool Please provide package anchors for all Rd \link{} targets not in the package itself and the base packages. Flavor: r-devel-windows-x86_64