CRAN Package Check Results for Package polyqtlR

Last updated on 2022-01-23 15:49:16 CET.

Flavor Version Tinstall Tcheck Ttotal Status Flags
r-devel-linux-x86_64-debian-clang 0.0.7 39.05 97.98 137.03 ERROR
r-devel-linux-x86_64-debian-gcc 0.0.8 28.81 94.92 123.73 OK
r-devel-linux-x86_64-fedora-clang 0.0.8 196.76 NOTE
r-devel-linux-x86_64-fedora-gcc 0.0.8 173.19 OK
r-devel-windows-x86_64-new-UL 0.0.8 84.00 149.00 233.00 NOTE
r-devel-windows-x86_64-new-TK 0.0.8 ERROR
r-patched-linux-x86_64 0.0.8 30.24 112.72 142.96 OK
r-release-linux-x86_64 0.0.8 26.14 110.87 137.01 OK
r-release-macos-arm64 0.0.7 NOTE
r-release-macos-x86_64 0.0.8 NOTE
r-release-windows-ix86+x86_64 0.0.8 89.00 209.00 298.00 NOTE
r-oldrel-macos-x86_64 0.0.7 NOTE
r-oldrel-windows-ix86+x86_64 0.0.8 89.00 210.00 299.00 NOTE

Check Details

Version: 0.0.7
Check: examples
Result: ERROR
    Running examples in 'polyqtlR-Ex.R' failed
    The error most likely occurred in:
    
    > base::assign(".ptime", proc.time(), pos = "CheckExEnv")
    > ### Name: convert_mappoly_to_phased.maplist
    > ### Title: Function to extract the phased map from a mappoly.map object
    > ### Aliases: convert_mappoly_to_phased.maplist
    >
    > ### ** Examples
    >
    > data(maps.hexafake, package = "mappoly")
    Warning in data(maps.hexafake, package = "mappoly") :
     data set 'maps.hexafake' not found
    > phased.maplist <- convert_mappoly_to_phased.maplist(maps.hexafake)
    Error in convert_mappoly_to_phased.maplist(maps.hexafake) :
     object 'maps.hexafake' not found
    Execution halted
Flavor: r-devel-linux-x86_64-debian-clang

Version: 0.0.8
Check: installed package size
Result: NOTE
     installed size is 5.8Mb
     sub-directories of 1Mb or more:
     data 2.6Mb
     doc 1.7Mb
Flavors: r-devel-linux-x86_64-fedora-clang, r-devel-windows-x86_64-new-UL, r-release-macos-x86_64, r-release-windows-ix86+x86_64, r-oldrel-windows-ix86+x86_64

Version: 0.0.8
Check: package dependencies
Result: NOTE
    Packages suggested but not available for checking: 'mappoly', 'polymapR'
Flavor: r-devel-windows-x86_64-new-TK

Version: 0.0.8
Check: examples
Result: ERROR
    Running examples in 'polyqtlR-Ex.R' failed
    The error most likely occurred in:
    
    > ### Name: convert_mappoly_to_phased.maplist
    > ### Title: Function to extract the phased map from a mappoly.map object
    > ### Aliases: convert_mappoly_to_phased.maplist
    >
    > ### ** Examples
    >
    > library("mappoly")
    Error in library("mappoly") : there is no package called 'mappoly'
    Execution halted
Flavor: r-devel-windows-x86_64-new-TK

Version: 0.0.8
Check: re-building of vignette outputs
Result: WARN
    Error(s) in re-building vignettes:
    --- re-building 'polyqtlR_vignette.rmd' using rmarkdown
    Quitting from lines 178-180 (polyqtlR_vignette.rmd)
    Error: processing vignette 'polyqtlR_vignette.rmd' failed with diagnostics:
    there is no package called 'polymapR'
    --- failed re-building 'polyqtlR_vignette.rmd'
    
    SUMMARY: processing the following file failed:
     'polyqtlR_vignette.rmd'
    
    Error: Vignette re-building failed.
    Execution halted
Flavor: r-devel-windows-x86_64-new-TK

Version: 0.0.7
Check: installed package size
Result: NOTE
     installed size is 6.6Mb
     sub-directories of 1Mb or more:
     data 2.6Mb
     doc 1.7Mb
     libs 1.7Mb
Flavors: r-release-macos-arm64, r-oldrel-macos-x86_64