Last updated on 2023-01-28 03:56:00 CET.
Flavor | Version | Tinstall | Tcheck | Ttotal | Status | Flags |
---|---|---|---|---|---|---|
r-devel-linux-x86_64-debian-clang | 0.6-4 | 3.47 | 47.56 | 51.03 | NOTE | |
r-devel-linux-x86_64-debian-gcc | 0.6-4 | 3.53 | 37.10 | 40.63 | NOTE | |
r-devel-linux-x86_64-fedora-clang | 0.6-4 | 66.27 | NOTE | |||
r-devel-linux-x86_64-fedora-gcc | 0.6-4 | 75.45 | NOTE | |||
r-patched-linux-x86_64 | 0.6-4 | 5.76 | 45.54 | 51.30 | NOTE | |
r-release-linux-x86_64 | 0.6-4 | 4.87 | 46.51 | 51.38 | NOTE | |
r-release-macos-arm64 | 0.6-4 | 26.00 | OK | |||
r-release-macos-x86_64 | 0.6-4 | 37.00 | OK | |||
r-release-windows-x86_64 | 0.6-4 | 54.00 | 103.00 | 157.00 | OK | |
r-oldrel-macos-arm64 | 0.6-4 | 34.00 | OK | |||
r-oldrel-macos-x86_64 | 0.6-4 | 45.00 | OK | |||
r-oldrel-windows-ix86+x86_64 | 0.6-4 | 10.00 | 77.00 | 87.00 | OK |
Version: 0.6-4
Check: for non-standard things in the check directory
Result: NOTE
Found the following files/directories:
‘test-data.R’ ‘test-inits.R’ ‘test.bug’ ‘test.cmd’
Flavors: r-devel-linux-x86_64-debian-clang, r-devel-linux-x86_64-debian-gcc, r-devel-linux-x86_64-fedora-clang, r-devel-linux-x86_64-fedora-gcc, r-patched-linux-x86_64, r-release-linux-x86_64
Version: 0.6-4
Check: Rd cross-references
Result: NOTE
Undeclared package ‘Rcmdr’ in Rd xrefs
Flavor: r-devel-linux-x86_64-fedora-clang