CRAN Package Check Results for Package pollimetry

Last updated on 2021-12-02 15:52:48 CET.

Flavor Version Tinstall Tcheck Ttotal Status Flags
r-devel-linux-x86_64-debian-clang 1.0.1 18.40 165.16 183.56 NOTE
r-devel-linux-x86_64-debian-gcc 1.0.1 15.18 125.11 140.29 NOTE
r-devel-linux-x86_64-fedora-clang 1.0.1 227.64 NOTE
r-devel-linux-x86_64-fedora-gcc 1.0.1 215.60 NOTE
r-devel-windows-x86_64-new-UL 1.0.1 26.00 215.00 241.00 NOTE
r-devel-windows-x86_64-new-TK 1.0.1 NOTE
r-devel-windows-x86_64-old 1.0.1 33.00 158.00 191.00 NOTE
r-patched-linux-x86_64 1.0.1 15.83 154.88 170.71 NOTE
r-patched-solaris-x86 1.0.1 374.80 NOTE
r-release-linux-x86_64 1.0.1 14.41 154.88 169.29 NOTE
r-release-macos-arm64 1.0.1 NOTE
r-release-macos-x86_64 1.0.1 NOTE
r-release-windows-ix86+x86_64 1.0.1 51.00 202.00 253.00 NOTE
r-oldrel-macos-x86_64 1.0.1 NOTE
r-oldrel-windows-ix86+x86_64 1.0.1 49.00 204.00 253.00 NOTE

Check Details

Version: 1.0.1
Check: package dependencies
Result: NOTE
    Package suggested but not available for checking: 'pollimetrydata'
Flavors: r-devel-linux-x86_64-debian-clang, r-devel-linux-x86_64-debian-gcc, r-devel-linux-x86_64-fedora-clang, r-devel-linux-x86_64-fedora-gcc, r-devel-windows-x86_64-new-UL, r-devel-windows-x86_64-new-TK, r-devel-windows-x86_64-old, r-patched-linux-x86_64, r-patched-solaris-x86, r-release-linux-x86_64, r-release-macos-arm64, r-release-macos-x86_64, r-release-windows-ix86+x86_64, r-oldrel-macos-x86_64, r-oldrel-windows-ix86+x86_64