CRAN Package Check Results for Package polite

Last updated on 2022-12-06 15:54:02 CET.

Flavor Version Tinstall Tcheck Ttotal Status Flags
r-devel-linux-x86_64-debian-clang 0.1.2 3.97 39.89 43.86 OK
r-devel-linux-x86_64-debian-gcc 0.1.2 2.86 30.69 33.55 OK
r-devel-linux-x86_64-fedora-clang 0.1.2 65.60 NOTE
r-devel-linux-x86_64-fedora-gcc 0.1.2 62.27 OK
r-devel-windows-x86_64 0.1.2 18.00 68.00 86.00 OK
r-patched-linux-x86_64 0.1.2 4.98 37.10 42.08 OK
r-release-linux-x86_64 0.1.2 3.95 37.89 41.84 OK
r-release-macos-arm64 0.1.2 20.00 OK
r-release-macos-x86_64 0.1.2 30.00 OK
r-release-windows-x86_64 0.1.2 24.00 69.00 93.00 OK
r-oldrel-macos-arm64 0.1.2 21.00 OK
r-oldrel-macos-x86_64 0.1.2 29.00 OK
r-oldrel-windows-ix86+x86_64 0.1.2 11.00 64.00 75.00 OK

Check Details

Version: 0.1.2
Check: Rd cross-references
Result: NOTE
    Undeclared package ‘purrr’ in Rd xrefs
Flavor: r-devel-linux-x86_64-fedora-clang