CRAN Package Check Results for Package png

Last updated on 2021-12-01 03:55:37 CET.

Flavor Version Tinstall Tcheck Ttotal Status Flags
r-devel-linux-x86_64-debian-clang 0.1-7 2.81 18.74 21.55 OK
r-devel-linux-x86_64-debian-gcc 0.1-7 2.26 16.32 18.58 OK
r-devel-linux-x86_64-fedora-clang 0.1-7 37.73 NOTE
r-devel-linux-x86_64-fedora-gcc 0.1-7 27.47 NOTE
r-devel-windows-x86_64-new-UL 0.1-7 10.00 51.00 61.00 OK
r-devel-windows-x86_64-new-TK 0.1-7 OK
r-devel-windows-x86_64-old 0.1-7 7.00 29.00 36.00 OK
r-patched-linux-x86_64 0.1-7 2.66 18.14 20.80 OK
r-patched-solaris-x86 0.1-7 43.20 OK
r-release-linux-x86_64 0.1-7 2.53 18.33 20.86 OK
r-release-macos-arm64 0.1-7 OK
r-release-macos-x86_64 0.1-7 OK
r-release-windows-ix86+x86_64 0.1-7 11.00 33.00 44.00 OK
r-oldrel-macos-x86_64 0.1-7 OK
r-oldrel-windows-ix86+x86_64 0.1-7 11.00 30.00 41.00 OK

Additional issues

rchk

Check Details

Version: 0.1-7
Check: compiled code
Result: NOTE
    File ‘png/libs/png.so’:
     Found no calls to: ‘R_registerRoutines’, ‘R_useDynamicSymbols’
    
    It is good practice to register native routines and to disable symbol
    search.
    
    See ‘Writing portable packages’ in the ‘Writing R Extensions’ manual.
Flavors: r-devel-linux-x86_64-fedora-clang, r-devel-linux-x86_64-fedora-gcc