CRAN Package Check Results for Package plusser

Last updated on 2022-01-28 04:00:58 CET.

Flavor Version Tinstall Tcheck Ttotal Status Flags
r-devel-linux-x86_64-debian-clang 0.4-0 4.51 50.41 54.92 NOTE
r-devel-linux-x86_64-debian-gcc 0.4-0 4.11 38.66 42.77 NOTE
r-devel-linux-x86_64-fedora-clang 0.4-0 64.54 NOTE
r-devel-linux-x86_64-fedora-gcc 0.4-0 57.29 NOTE
r-devel-windows-x86_64-new-UL 0.4-0 26.00 68.00 94.00 NOTE
r-devel-windows-x86_64-new-TK 0.4-0 NOTE
r-patched-linux-x86_64 0.4-0 4.63 46.22 50.85 NOTE
r-release-linux-x86_64 0.4-0 3.17 46.09 49.26 NOTE
r-release-macos-arm64 0.4-0 NOTE
r-release-macos-x86_64 0.4-0 NOTE
r-release-windows-ix86+x86_64 0.4-0 10.00 56.00 66.00 NOTE
r-oldrel-macos-x86_64 0.4-0 OK
r-oldrel-windows-ix86+x86_64 0.4-0 10.00 58.00 68.00 OK

Check Details

Version: 0.4-0
Check: LazyData
Result: NOTE
     'LazyData' is specified without a 'data' directory
Flavors: r-devel-linux-x86_64-debian-clang, r-devel-linux-x86_64-debian-gcc, r-devel-linux-x86_64-fedora-clang, r-devel-linux-x86_64-fedora-gcc, r-devel-windows-x86_64-new-UL, r-devel-windows-x86_64-new-TK, r-patched-linux-x86_64, r-release-linux-x86_64, r-release-macos-arm64, r-release-macos-x86_64, r-release-windows-ix86+x86_64