CRAN Package Check Results for Package plus

Last updated on 2022-05-19 15:53:26 CEST.

Flavor Version Tinstall Tcheck Ttotal Status Flags
r-devel-linux-x86_64-debian-clang 1.0 3.07 47.63 50.70 NOTE
r-devel-linux-x86_64-debian-gcc 1.0 2.30 36.20 38.50 NOTE
r-devel-linux-x86_64-fedora-clang 1.0 60.66 NOTE
r-devel-linux-x86_64-fedora-gcc 1.0 59.00 NOTE
r-devel-windows-x86_64 1.0 9.00 66.00 75.00 OK
r-patched-linux-x86_64 1.0 3.76 45.40 49.16 NOTE
r-release-linux-x86_64 1.0 3.26 45.42 48.68 NOTE
r-release-macos-arm64 1.0 19.00 OK
r-release-macos-x86_64 1.0 29.00 OK
r-release-windows-x86_64 1.0 6.00 64.00 70.00 OK
r-oldrel-macos-arm64 1.0 25.00 OK
r-oldrel-macos-x86_64 1.0 37.00 OK
r-oldrel-windows-ix86+x86_64 1.0 6.00 43.00 49.00 OK

Check Details

Version: 1.0
Check: Rd line widths
Result: NOTE
    Rd file 'predict.plus.Rd':
     \examples lines wider than 100 characters:
     extracted.values <- predict(object, lam = sort(object$lam.path[1:10],decreasing=TRUE), newx=object$x)
    
    These lines will be truncated in the PDF manual.
Flavors: r-devel-linux-x86_64-debian-clang, r-devel-linux-x86_64-debian-gcc, r-devel-linux-x86_64-fedora-clang, r-devel-linux-x86_64-fedora-gcc, r-patched-linux-x86_64, r-release-linux-x86_64