CRAN Package Check Results for Package plothelper

Last updated on 2022-01-16 15:48:36 CET.

Flavor Version Tinstall Tcheck Ttotal Status Flags
r-devel-linux-x86_64-debian-clang 0.1.9 7.30 79.43 86.73 NOTE
r-devel-linux-x86_64-debian-gcc 0.1.9 7.01 58.73 65.74 NOTE
r-devel-linux-x86_64-fedora-clang 0.1.9 105.19 NOTE
r-devel-linux-x86_64-fedora-gcc 0.1.9 91.80 NOTE
r-devel-windows-x86_64-new-UL 0.1.9 91.00 98.00 189.00 NOTE
r-devel-windows-x86_64-new-TK 0.1.9 NOTE
r-patched-linux-x86_64 0.1.9 7.46 72.88 80.34 NOTE
r-release-linux-x86_64 0.1.9 NOTE
r-release-macos-arm64 0.1.9 NOTE
r-release-macos-x86_64 0.1.9 NOTE
r-release-windows-ix86+x86_64 0.1.9 19.00 88.00 107.00 NOTE
r-oldrel-macos-x86_64 0.1.9 OK
r-oldrel-windows-ix86+x86_64 0.1.9 19.00 90.00 109.00 OK

Check Details

Version: 0.1.9
Check: LazyData
Result: NOTE
     'LazyData' is specified without a 'data' directory
Flavors: r-devel-linux-x86_64-debian-clang, r-devel-linux-x86_64-debian-gcc, r-devel-linux-x86_64-fedora-clang, r-devel-linux-x86_64-fedora-gcc, r-devel-windows-x86_64-new-UL, r-devel-windows-x86_64-new-TK, r-patched-linux-x86_64, r-release-linux-x86_64, r-release-macos-arm64, r-release-macos-x86_64, r-release-windows-ix86+x86_64