CRAN Package Check Results for Package plotSEMM

Last updated on 2022-01-27 04:05:31 CET.

Flavor Version Tinstall Tcheck Ttotal Status Flags
r-devel-linux-x86_64-debian-clang 2.4 17.22 90.16 107.38 NOTE
r-devel-linux-x86_64-debian-gcc 2.4 13.10 68.50 81.60 NOTE
r-devel-linux-x86_64-fedora-clang 2.4 132.61 NOTE
r-devel-linux-x86_64-fedora-gcc 2.4 119.07 NOTE
r-devel-windows-x86_64-new-UL 2.4 72.00 133.00 205.00 NOTE
r-devel-windows-x86_64-new-TK 2.4 NOTE
r-patched-linux-x86_64 2.4 13.37 83.21 96.58 NOTE
r-release-linux-x86_64 2.4 17.59 81.04 98.63 NOTE
r-release-macos-arm64 2.4 NOTE
r-release-macos-x86_64 2.4 NOTE
r-release-windows-ix86+x86_64 2.4 43.00 133.00 176.00 NOTE
r-oldrel-macos-x86_64 2.4 OK
r-oldrel-windows-ix86+x86_64 2.4 44.00 137.00 181.00 OK

Check Details

Version: 2.4
Check: LazyData
Result: NOTE
     'LazyData' is specified without a 'data' directory
Flavors: r-devel-linux-x86_64-debian-clang, r-devel-linux-x86_64-debian-gcc, r-devel-linux-x86_64-fedora-clang, r-devel-linux-x86_64-fedora-gcc, r-devel-windows-x86_64-new-UL, r-devel-windows-x86_64-new-TK, r-patched-linux-x86_64, r-release-linux-x86_64, r-release-macos-arm64, r-release-macos-x86_64, r-release-windows-ix86+x86_64